{"id":3749,"date":"2022-10-21T16:19:24","date_gmt":"2022-10-21T14:19:24","guid":{"rendered":"https:\/\/www.synlab.fr\/oxabio\/?page_id=3749"},"modified":"2023-01-30T14:43:06","modified_gmt":"2023-01-30T13:43:06","slug":"a-propos-de-vos-resultats","status":"publish","type":"page","link":"https:\/\/www.synlab.fr\/oxabio\/patient\/a-propos-des-analyses-medicales\/a-propos-de-vos-resultats\/","title":{"rendered":"A propos de vos r\u00e9sultats"},"content":{"rendered":"<div class=\"container text-center \">\n\t<\/div>\n\n<div class=\"container-grid block-securite\">\n\n\t<div class=\"block-securite-left\">\n\t\t<img decoding=\"async\" src=\"https:\/\/www.synlab.fr\/oxabio\/wp-content\/uploads\/sites\/41\/2022\/10\/patiente-medecin-serre-main-800x700.jpeg\" alt=\"patiente-medecin-serre-main\" \/>\n\t<\/div>\n\n\t<div class=\"block-securite-right\">\n\t\t\t\t\t<div class=\"block-securite-right-item\">\n\t\t\t<div class=\"block-securite-right-item-picto\">\n\t\t\t\t<img decoding=\"async\" src=\"https:\/\/www.synlab.fr\/oxabio\/wp-content\/uploads\/sites\/41\/2022\/11\/flask-1.png\" alt=\"flask (1)\" \/>\n\t\t\t<\/div>\n\t\t\t<div>\n\t\t\t\t<div class=\"block-securite-right-item-titre\"> au laboratoire,<\/div>\n\t\t\t\t<div class=\"block-securite-right-item-texte\"><\/div>\n\t\t\t\t<\/div>\n\t\t\t\n\t\t<\/div>\n\t\t\t\t<div class=\"block-securite-right-item\">\n\t\t\t<div class=\"block-securite-right-item-picto\">\n\t\t\t\t<img decoding=\"async\" src=\"https:\/\/www.synlab.fr\/oxabio\/wp-content\/uploads\/sites\/41\/2022\/11\/mail.png\" alt=\"mail\" \/>\n\t\t\t<\/div>\n\t\t\t<div>\n\t\t\t\t<div class=\"block-securite-right-item-titre\">par la poste,<\/div>\n\t\t\t\t<div class=\"block-securite-right-item-texte\"><\/div>\n\t\t\t\t<\/div>\n\t\t\t\n\t\t<\/div>\n\t\t\t\t<div class=\"block-securite-right-item\">\n\t\t\t<div class=\"block-securite-right-item-picto\">\n\t\t\t\t<img decoding=\"async\" src=\"https:\/\/www.synlab.fr\/oxabio\/wp-content\/uploads\/sites\/41\/2022\/11\/globe.png\" alt=\"globe\" \/>\n\t\t\t<\/div>\n\t\t\t<div>\n\t\t\t\t<div class=\"block-securite-right-item-titre\">sur internet <\/div>\n\t\t\t\t<div class=\"block-securite-right-item-texte\">en vous connectant \u00e0 votre espace s\u00e9curis\u00e9 My Synlab<\/div>\n\t\t\t\t<\/div>\n\t\t\t\n\t\t<\/div>\n\t\t\t\t<div class=\"block-securite-right-item\">\n\t\t\t<div class=\"block-securite-right-item-picto\">\n\t\t\t\t<img decoding=\"async\" src=\"https:\/\/www.synlab.fr\/oxabio\/wp-content\/uploads\/sites\/41\/2022\/11\/pharmacy.png\" alt=\"pharmacy\" \/>\n\t\t\t<\/div>\n\t\t\t<div>\n\t\t\t\t<div class=\"block-securite-right-item-titre\">chez votre pharmacien.<\/div>\n\t\t\t\t<div class=\"block-securite-right-item-texte\"><\/div>\n\t\t\t\t<\/div>\n\t\t\t\n\t\t<\/div>\n\t\t\t\t<\/div>\n<\/div>\n\n\n\n\n<div class=\"container-fluid block-separateur\" style=\"--heightDesk:10px;--heightMob:2px;\">\n\n    \n    \n<\/div>\n\n<div class=\"container block-texte_image\">\n\n\t\t\t<div class=\"block-texte_image-contenu order-1\" style=\"--widthContenu:100%\">\n\t\t\t\t\t\t<article><p>Tous les r\u00e9sultats d\u2019analyses du laboratoire font l\u2019objet d\u2019un compte-rendu rattach\u00e9 de mani\u00e8re unique \u00e0 la prescription m\u00e9dicale. Chaque dossier est valid\u00e9 biologiquement par un biologiste.<br \/>\nLa validation biologique consiste \u00e0 v\u00e9rifier la coh\u00e9rence de l\u2019ensemble des r\u00e9sultats de votre dossier et la confrontation aux r\u00e9sultats ant\u00e9rieurs. Elle peut n\u00e9cessiter la connaissance de votre \u00e9tat clinique et les traitements mis en place.<\/p>\n<p>Les avis et interpr\u00e9tations sont clairement distingu\u00e9s.<\/p>\n<\/article>\t\t\t\t\t\t\n\t\t\t\t\t<\/div>\n\t\n\t\n\t\t\n<\/div>\n\n\n\n\n\t\n\t\n\n\n\n<div class=\"container-fluid block-separateur\" style=\"--heightDesk:10px;--heightMob:2px;\">\n\n    \n    \n<\/div>\n\n<div class=\"container block-texte_image\">\n\n\t\t\t<div class=\"block-texte_image-contenu order-1\" style=\"--widthContenu:90%\">\n\t\t\t<h2>Modalit\u00e9s de rendu<\/h2>\t\t\t<article><p>Le laboratoire s\u2019attache \u00e0 rendre les r\u00e9sultats dans les meilleurs d\u00e9lais en version papier, \u00e9lectronique ou t\u00e9l\u00e9phonique en cas de r\u00e9sultats perturb\u00e9s, et, si n\u00e9cessaire, interpr\u00e9t\u00e9s.<\/p>\n<p><strong>Votre laboratoire vous propose diff\u00e9rents moyens de transmission des r\u00e9sultats, \u00e0 votre convenance : au laboratoire, par la poste, sur internet, chez votre pharmacien.<\/strong><br \/>\nLa majorit\u00e9 des r\u00e9sultats sont disponibles le jour m\u00eame. Ces derniers sont communiqu\u00e9s syst\u00e9matiquement au prescripteur avec des moyens appropri\u00e9s et dans des d\u00e9lais compatibles avec le degr\u00e9 d\u2019urgence des r\u00e9sultats. De plus, en cas de prescription par un m\u00e9decin sp\u00e9cialiste, nous pouvons transmettre sur demande un duplicata de vos r\u00e9sultats \u00e0 votre m\u00e9decin traitant.<br \/>\nVous pouvez \u00e9galement prendre conseil aupr\u00e8s de votre biologiste m\u00e9dical pour l\u2019interpr\u00e9tation de vos r\u00e9sultats. Votre m\u00e9decin prescripteur est toutefois la personne la plus appropri\u00e9e pour l\u2019interpr\u00e9tation de vos r\u00e9sultats, \u00e9tant en possession de votre dossier m\u00e9dical.<\/p>\n<p>&nbsp;<\/p>\n<p><strong>Quelques pr\u00e9cisions concernant la prise de vos r\u00e9sultats :<\/strong><\/p>\n<p><strong>Au laboratoire, pour des raisons de confidentialit\u00e9, une pi\u00e8ce d\u2019identit\u00e9 ou le \u00ab ticket de rendu des r\u00e9sultats \u00bb vous sera demand\u00e9 lors de la reprise de vos r\u00e9sultats.<\/strong><br \/>\nEn cas de remise d\u2019un r\u00e9sultat \u00e0 une tierce personne, vous devez remplir la d\u00e9charge situ\u00e9e au verso du ticket de rendu et lui remettre pour que les r\u00e9sultats lui soient donn\u00e9s.<\/p>\n<p>Par la poste, le d\u00e9lai de rendu de r\u00e9sultat sera d\u00e9pendant du traitement par la poste, compter 1 ou 2 jours suppl\u00e9mentaires.<\/p>\n<p><strong>Sur internet, le site\u00a0<a href=\"https:\/\/www.mesresultats.synlab.fr\/patient\/rest\/login\">MySynlab<\/a>\u00a0s\u00e9curis\u00e9 et gratuit vous permet de consulter, pendant 10 ans, vos r\u00e9sultats m\u00e9dicaux par l\u2019interm\u00e9diaire d\u2019un identifiant unique et personnel. Cet identifiant est not\u00e9 sur le document qui vous a \u00e9t\u00e9 remis lors de votre pr\u00e9l\u00e8vement.<\/strong><\/p>\n<p>Nous vous invitons donc \u00e0 t\u00e9l\u00e9charger le compte-rendu si vous souhaitez le conserver au-del\u00e0 des 10 ans.<br \/>\nChez votre pharmacien, nous vous proposons de r\u00e9cup\u00e9rer vos r\u00e9sultats m\u00e9dicaux dans l\u2019une de nos pharmacies partenaires. Veuillez-vous renseigner aupr\u00e8s de votre pharmacien.<\/p>\n<\/article>\t\t\t\t\t\t\n\t\t\t\t\t<\/div>\n\t\n\t\n\t\t<div class=\"block-texte_image-illustration order-0\" style=\"--widthImage:10%;\">\n\t\t\t<img decoding=\"async\" src=\"https:\/\/www.synlab.fr\/oxabio\/wp-content\/uploads\/sites\/41\/2022\/11\/Sans-titre-28.png\" alt=\"Sans titre (28)\"\/>\n\t\t<\/div>\n\n\t\n\t\t\n<\/div>\n\n\n\n\n\t\n\t\n\n\n\n<div class=\"container-fluid block-separateur\" style=\"--heightDesk:10px;--heightMob:2px;\">\n\n    \n    \n<\/div>\n\n<div class=\"container block-texte_image\">\n\n\t\t\t<div class=\"block-texte_image-contenu order-1\" style=\"--widthContenu:100%\">\n\t\t\t<h2>Cofrac<\/h2>\t\t\t<article><p>La reproduction de la marque COFRAC et de toute r\u00e9f\u00e9rence \u00e0 l&rsquo;accr\u00e9ditation du laboratoire est interdite en dehors de la reproduction int\u00e9grale des comptes-rendus \u00e9mis par le\u00a0laboratoire.<\/p>\n<p>Le droit d\u2019usage des marques d\u2019accr\u00e9ditation accord\u00e9 au laboratoire ne peut pas \u00eatre transmis \u00e0 un tiers ni \u00e0 titre gratuit ni \u00e0 titre on\u00e9reux. Nos clients ne sont pas autoris\u00e9s \u00e0 utiliser le logotype SYNLAB OXABIO ni la marque COFRAC ou toute r\u00e9f\u00e9rence textuelle \u00e0 l\u2019accr\u00e9ditation.<\/p>\n<\/article>\t\t\t\t\t\t\n\t\t\t\t\t<\/div>\n\t\n\t\n\t\t\n<\/div>\n\n\n\n\n\t\n\t\n","protected":false},"excerpt":{"rendered":"","protected":false},"author":13,"featured_media":0,"parent":1280,"menu_order":1,"comment_status":"closed","ping_status":"closed","template":"","meta":{"_acf_changed":false,"footnotes":""},"class_list":["post-3749","page","type-page","status-publish","hentry"],"acf":[],"yoast_head":"<!-- This site is optimized with the Yoast SEO plugin v26.3 - https:\/\/yoast.com\/wordpress\/plugins\/seo\/ -->\n<title>SYNLAB Oxabio - A propos de vos r\u00e9sultats<\/title>\n<meta name=\"description\" content=\"Tous les r\u00e9sultats d\u2019analyses du laboratoire font l\u2019objet d\u2019un compte-rendu rattach\u00e9 de mani\u00e8re unique \u00e0 la prescription m\u00e9dicale.\" \/>\n<meta name=\"robots\" content=\"noindex, follow, max-snippet:-1, max-image-preview:large, max-video-preview:-1\" \/>\n<meta property=\"og:locale\" content=\"fr_FR\" \/>\n<meta property=\"og:type\" content=\"article\" \/>\n<meta property=\"og:title\" content=\"SYNLAB Oxabio - A propos de vos r\u00e9sultats\" \/>\n<meta property=\"og:description\" content=\"Tous les r\u00e9sultats d\u2019analyses du laboratoire font l\u2019objet d\u2019un compte-rendu rattach\u00e9 de mani\u00e8re unique \u00e0 la prescription m\u00e9dicale.\" \/>\n<meta property=\"og:url\" content=\"https:\/\/www.synlab.fr\/clone\/oxabio\/patient\/a-propos-des-analyses-medicales\/a-propos-de-vos-resultats\/\" \/>\n<meta property=\"og:site_name\" content=\"Synlab Oxabio\" \/>\n<meta property=\"article:modified_time\" content=\"2023-01-30T13:43:06+00:00\" \/>\n<meta name=\"twitter:card\" content=\"summary_large_image\" \/>\n<script type=\"application\/ld+json\" class=\"yoast-schema-graph\">{\"@context\":\"https:\/\/schema.org\",\"@graph\":[{\"@type\":\"WebPage\",\"@id\":\"https:\/\/www.synlab.fr\/clone\/oxabio\/patient\/a-propos-des-analyses-medicales\/a-propos-de-vos-resultats\/\",\"url\":\"https:\/\/www.synlab.fr\/clone\/oxabio\/patient\/a-propos-des-analyses-medicales\/a-propos-de-vos-resultats\/\",\"name\":\"SYNLAB Oxabio - A propos de vos r\u00e9sultats\",\"isPartOf\":{\"@id\":\"https:\/\/www.synlab.fr\/oxabio\/#website\"},\"datePublished\":\"2022-10-21T14:19:24+00:00\",\"dateModified\":\"2023-01-30T13:43:06+00:00\",\"description\":\"Tous les r\u00e9sultats d\u2019analyses du laboratoire font l\u2019objet d\u2019un compte-rendu rattach\u00e9 de mani\u00e8re unique \u00e0 la prescription m\u00e9dicale.\",\"breadcrumb\":{\"@id\":\"https:\/\/www.synlab.fr\/clone\/oxabio\/patient\/a-propos-des-analyses-medicales\/a-propos-de-vos-resultats\/#breadcrumb\"},\"inLanguage\":\"fr-FR\",\"potentialAction\":[{\"@type\":\"ReadAction\",\"target\":[\"https:\/\/www.synlab.fr\/clone\/oxabio\/patient\/a-propos-des-analyses-medicales\/a-propos-de-vos-resultats\/\"]}]},{\"@type\":\"BreadcrumbList\",\"@id\":\"https:\/\/www.synlab.fr\/clone\/oxabio\/patient\/a-propos-des-analyses-medicales\/a-propos-de-vos-resultats\/#breadcrumb\",\"itemListElement\":[{\"@type\":\"ListItem\",\"position\":1,\"name\":\"Home\",\"item\":\"https:\/\/www.synlab.fr\/oxabio\/\"},{\"@type\":\"ListItem\",\"position\":2,\"name\":\"Espace patient\",\"item\":\"https:\/\/www.synlab.fr\/clone\/oxabio\/patient\/\"},{\"@type\":\"ListItem\",\"position\":3,\"name\":\"A propos des analyses m\u00e9dicales\",\"item\":\"https:\/\/www.synlab.fr\/clone\/oxabio\/patient\/a-propos-des-analyses-medicales\/\"},{\"@type\":\"ListItem\",\"position\":4,\"name\":\"A propos de vos r\u00e9sultats\"}]},{\"@type\":\"WebSite\",\"@id\":\"https:\/\/www.synlab.fr\/oxabio\/#website\",\"url\":\"https:\/\/www.synlab.fr\/oxabio\/\",\"name\":\"Synlab Oxabio\",\"description\":\"Un site utilisant Synlab\",\"potentialAction\":[{\"@type\":\"SearchAction\",\"target\":{\"@type\":\"EntryPoint\",\"urlTemplate\":\"https:\/\/www.synlab.fr\/oxabio\/?s={search_term_string}\"},\"query-input\":{\"@type\":\"PropertyValueSpecification\",\"valueRequired\":true,\"valueName\":\"search_term_string\"}}],\"inLanguage\":\"fr-FR\"}]}<\/script>\n<!-- \/ Yoast SEO plugin. -->","yoast_head_json":{"title":"SYNLAB Oxabio - A propos de vos r\u00e9sultats","description":"Tous les r\u00e9sultats d\u2019analyses du laboratoire font l\u2019objet d\u2019un compte-rendu rattach\u00e9 de mani\u00e8re unique \u00e0 la prescription m\u00e9dicale.","robots":{"index":"noindex","follow":"follow","max-snippet":"max-snippet:-1","max-image-preview":"max-image-preview:large","max-video-preview":"max-video-preview:-1"},"og_locale":"fr_FR","og_type":"article","og_title":"SYNLAB Oxabio - A propos de vos r\u00e9sultats","og_description":"Tous les r\u00e9sultats d\u2019analyses du laboratoire font l\u2019objet d\u2019un compte-rendu rattach\u00e9 de mani\u00e8re unique \u00e0 la prescription m\u00e9dicale.","og_url":"https:\/\/www.synlab.fr\/clone\/oxabio\/patient\/a-propos-des-analyses-medicales\/a-propos-de-vos-resultats\/","og_site_name":"Synlab Oxabio","article_modified_time":"2023-01-30T13:43:06+00:00","twitter_card":"summary_large_image","schema":{"@context":"https:\/\/schema.org","@graph":[{"@type":"WebPage","@id":"https:\/\/www.synlab.fr\/clone\/oxabio\/patient\/a-propos-des-analyses-medicales\/a-propos-de-vos-resultats\/","url":"https:\/\/www.synlab.fr\/clone\/oxabio\/patient\/a-propos-des-analyses-medicales\/a-propos-de-vos-resultats\/","name":"SYNLAB Oxabio - A propos de vos r\u00e9sultats","isPartOf":{"@id":"https:\/\/www.synlab.fr\/oxabio\/#website"},"datePublished":"2022-10-21T14:19:24+00:00","dateModified":"2023-01-30T13:43:06+00:00","description":"Tous les r\u00e9sultats d\u2019analyses du laboratoire font l\u2019objet d\u2019un compte-rendu rattach\u00e9 de mani\u00e8re unique \u00e0 la prescription m\u00e9dicale.","breadcrumb":{"@id":"https:\/\/www.synlab.fr\/clone\/oxabio\/patient\/a-propos-des-analyses-medicales\/a-propos-de-vos-resultats\/#breadcrumb"},"inLanguage":"fr-FR","potentialAction":[{"@type":"ReadAction","target":["https:\/\/www.synlab.fr\/clone\/oxabio\/patient\/a-propos-des-analyses-medicales\/a-propos-de-vos-resultats\/"]}]},{"@type":"BreadcrumbList","@id":"https:\/\/www.synlab.fr\/clone\/oxabio\/patient\/a-propos-des-analyses-medicales\/a-propos-de-vos-resultats\/#breadcrumb","itemListElement":[{"@type":"ListItem","position":1,"name":"Home","item":"https:\/\/www.synlab.fr\/oxabio\/"},{"@type":"ListItem","position":2,"name":"Espace patient","item":"https:\/\/www.synlab.fr\/clone\/oxabio\/patient\/"},{"@type":"ListItem","position":3,"name":"A propos des analyses m\u00e9dicales","item":"https:\/\/www.synlab.fr\/clone\/oxabio\/patient\/a-propos-des-analyses-medicales\/"},{"@type":"ListItem","position":4,"name":"A propos de vos r\u00e9sultats"}]},{"@type":"WebSite","@id":"https:\/\/www.synlab.fr\/oxabio\/#website","url":"https:\/\/www.synlab.fr\/oxabio\/","name":"Synlab Oxabio","description":"Un site utilisant Synlab","potentialAction":[{"@type":"SearchAction","target":{"@type":"EntryPoint","urlTemplate":"https:\/\/www.synlab.fr\/oxabio\/?s={search_term_string}"},"query-input":{"@type":"PropertyValueSpecification","valueRequired":true,"valueName":"search_term_string"}}],"inLanguage":"fr-FR"}]}},"_links":{"self":[{"href":"https:\/\/www.synlab.fr\/oxabio\/wp-json\/wp\/v2\/pages\/3749","targetHints":{"allow":["GET"]}}],"collection":[{"href":"https:\/\/www.synlab.fr\/oxabio\/wp-json\/wp\/v2\/pages"}],"about":[{"href":"https:\/\/www.synlab.fr\/oxabio\/wp-json\/wp\/v2\/types\/page"}],"author":[{"embeddable":true,"href":"https:\/\/www.synlab.fr\/oxabio\/wp-json\/wp\/v2\/users\/13"}],"replies":[{"embeddable":true,"href":"https:\/\/www.synlab.fr\/oxabio\/wp-json\/wp\/v2\/comments?post=3749"}],"version-history":[{"count":11,"href":"https:\/\/www.synlab.fr\/oxabio\/wp-json\/wp\/v2\/pages\/3749\/revisions"}],"predecessor-version":[{"id":4975,"href":"https:\/\/www.synlab.fr\/oxabio\/wp-json\/wp\/v2\/pages\/3749\/revisions\/4975"}],"up":[{"embeddable":true,"href":"https:\/\/www.synlab.fr\/oxabio\/wp-json\/wp\/v2\/pages\/1280"}],"wp:attachment":[{"href":"https:\/\/www.synlab.fr\/oxabio\/wp-json\/wp\/v2\/media?parent=3749"}],"curies":[{"name":"wp","href":"https:\/\/api.w.org\/{rel}","templated":true}]}}