{"id":4359,"date":"2022-11-17T14:20:50","date_gmt":"2022-11-17T13:20:50","guid":{"rendered":"https:\/\/www.synlab.fr\/oxabio\/?page_id=4359"},"modified":"2023-01-23T17:48:33","modified_gmt":"2023-01-23T16:48:33","slug":"prescrire-des-analyses","status":"publish","type":"page","link":"https:\/\/www.synlab.fr\/oxabio\/espace-professionnels-de-sante\/prescrire-des-analyses\/","title":{"rendered":"Prescrire des analyses"},"content":{"rendered":"<div class=\"container block-texte_image\">\n\n\t\t\t<div class=\"block-texte_image-contenu order-1\" style=\"--widthContenu:70%\">\n\t\t\t<h2>A propos des r\u00e9sultats<\/h2>\t\t\t<article><p><strong>Sur prescription m\u00e9dicale, les r\u00e9sultats sont rendus syst\u00e9matiquement au patient et au m\u00e9decin prescripteur.<\/strong><\/p>\n<p>Hors prescription m\u00e9dicale, en fonction de l\u2019analyse concern\u00e9e, vous pourrez recevoir un compte-rendu \u00e9galement.<\/p>\n<\/article>\t\t\t\t\t\t\n\t\t\t<p><a href=\"https:\/\/www.synlab.fr\/oxabio\/espace-professionnels-de-sante\/resultats-patients\/\" style=\"--colorCTA:#003765\" target=\"\" class=\"block-texte_image-contenu-cta\">En savoir plus<\/a><\/p>\t\t<\/div>\n\t\n\t\n\t\t<div class=\"block-texte_image-illustration order-0\" style=\"--widthImage:30%;\">\n\t\t\t<img decoding=\"async\" src=\"https:\/\/www.synlab.fr\/oxabio\/wp-content\/uploads\/sites\/41\/2023\/01\/Sans-titre-33.png\" alt=\"Sans titre (33)\"\/>\n\t\t<\/div>\n\n\t\n\t\t\n<\/div>\n\n\n\n\n\t\n\t\n\n\n\n<div class=\"container-fluid block-separateur\" style=\"--heightDesk:10px;--heightMob:15px;\">\n\n    \n    \n<\/div>\n\n<div class=\"container block-texte_image\">\n\n\t\t\t<div class=\"block-texte_image-contenu order-0\" style=\"--widthContenu:70%\">\n\t\t\t<h2>Vos liens utiles <\/h2>\t\t\t<article><p><strong>Pour vous aider dans vos prescriptions courantes<\/strong>, nous vous proposons des documents et liens utiles et pratiques.<\/p>\n<\/article>\t\t\t\t\t\t\n\t\t\t<p><a href=\"https:\/\/www.synlab.fr\/oxabio\/espace-professionnels-de-sante\/prescrire-des-analyses\/liens-utiles\/\" style=\"--colorCTA:#003765\" target=\"\" class=\"block-texte_image-contenu-cta\">En savoir plus<\/a><\/p>\t\t<\/div>\n\t\n\t\n\t\t<div class=\"block-texte_image-illustration order-1\" style=\"--widthImage:30%;\">\n\t\t\t<img decoding=\"async\" src=\"https:\/\/www.synlab.fr\/oxabio\/wp-content\/uploads\/sites\/41\/2023\/01\/hand-using-laptop-computer-with-virtual-screen-and-document-for-online-approve-paperless-quality-assurance-and-erp-management-concept.jpg\" alt=\"hand-using-laptop-computer-with-virtual-screen-and-document-for-online-approve-paperless-quality-assurance-and-erp-management-concept\"\/>\n\t\t<\/div>\n\n\t\n\t\t\n<\/div>\n\n\n\n\n\t\n\t\n\n\n\n<div class=\"container-fluid block-separateur\" style=\"--heightDesk:10px;--heightMob:15px;\">\n\n    \n    \n<\/div>\n\n<div class=\"container block-texte_image\">\n\n\t\t\t<div class=\"block-texte_image-contenu order-1\" style=\"--widthContenu:70%\">\n\t\t\t<h2>Notre catalogue d&rsquo;analyses<\/h2>\t\t\t<article><p><strong>Le laboratoire r\u00e9alise plus de 140 analyses sur l\u2019ensemble des sites<\/strong> et les analyses particuli\u00e8res sont envoy\u00e9es dans des laboratoires sp\u00e9cialis\u00e9s (ex : CERBA, EFS). Retrouvez ici toutes nos analyses.<\/p>\n<\/article>\t\t\t\t\t\t\n\t\t\t<p><a href=\"https:\/\/www.synlab.fr\/oxabio\/espace-professionnels-de-sante\/prescrire-des-analyses\/catalogue-d-analyses\/\" style=\"--colorCTA:#003765\" target=\"\" class=\"block-texte_image-contenu-cta\">En savoir plus<\/a><\/p>\t\t<\/div>\n\t\n\t\n\t\t<div class=\"block-texte_image-illustration order-0\" style=\"--widthImage:30%;\">\n\t\t\t<img decoding=\"async\" src=\"https:\/\/www.synlab.fr\/oxabio\/wp-content\/uploads\/sites\/41\/2022\/09\/Technicien_plateau-technique.jpeg\" alt=\"Technicien_plateau-technique\"\/>\n\t\t<\/div>\n\n\t\n\t\t\n<\/div>\n\n\n\n\n\t\n\t\n\n\n\n<div class=\"container-fluid block-separateur\" style=\"--heightDesk:10px;--heightMob:15px;\">\n\n    \n    \n<\/div>\n\n<div class=\"container block-texte_image\">\n\n\t\t\t<div class=\"block-texte_image-contenu order-0\" style=\"--widthContenu:70%\">\n\t\t\t<h2>Analyses hors nomenclatures<\/h2>\t\t\t<article><p><strong>Certaines analyses sp\u00e9cialis\u00e9es peuvent \u00eatre prescrites par un m\u00e9decin mais ne pas \u00eatre \u00e0 la NABM<\/strong>. Elles sont \u00ab hors nomenclature \u00bb et ne sont pas rembours\u00e9es par la s\u00e9curit\u00e9 sociale. Leur montant sera donc \u00e0 la charge du patient. Plus d&rsquo;infos dans cette rubrique.<\/p>\n<\/article>\t\t\t\t\t\t\n\t\t\t<p><a href=\"https:\/\/www.synlab.fr\/oxabio\/espace-professionnels-de-sante\/prescrire-des-analyses\/analyses-hors-nomenclatures\/\" style=\"--colorCTA:#003765\" target=\"\" class=\"block-texte_image-contenu-cta\">En savoir plus<\/a><\/p>\t\t<\/div>\n\t\n\t\n\t\t<div class=\"block-texte_image-illustration order-1\" style=\"--widthImage:30%;\">\n\t\t\t<img decoding=\"async\" src=\"https:\/\/www.synlab.fr\/oxabio\/wp-content\/uploads\/sites\/41\/2022\/08\/csm_AdobeStock_249042042__1__a0c304cc33.jpeg\" alt=\"csm_AdobeStock_249042042__1__a0c304cc33\"\/>\n\t\t<\/div>\n\n\t\n\t\t\n<\/div>\n\n\n\n\n\t\n\t\n","protected":false},"excerpt":{"rendered":"","protected":false},"author":13,"featured_media":0,"parent":24,"menu_order":1,"comment_status":"closed","ping_status":"closed","template":"","meta":{"_acf_changed":false,"footnotes":""},"class_list":["post-4359","page","type-page","status-publish","hentry"],"acf":[],"yoast_head":"<!-- This site is optimized with the Yoast SEO plugin v26.3 - https:\/\/yoast.com\/wordpress\/plugins\/seo\/ -->\n<title>SYNLAB Oxabio - Prescrire des analyses<\/title>\n<meta name=\"description\" content=\"Retrouvez facilement tous les documents n\u00e9cessaires \u00e0 la r\u00e9alisation de la prescription aupr\u00e8s de vos patients gr\u00e2ce \u00e0 notre collection compl\u00e8te de documents pour les professionnels de sant\u00e9.\" \/>\n<meta name=\"robots\" content=\"noindex, follow, max-snippet:-1, max-image-preview:large, max-video-preview:-1\" \/>\n<meta property=\"og:locale\" content=\"fr_FR\" \/>\n<meta property=\"og:type\" content=\"article\" \/>\n<meta property=\"og:title\" content=\"SYNLAB Oxabio - Prescrire des analyses\" \/>\n<meta property=\"og:description\" content=\"Retrouvez facilement tous les documents n\u00e9cessaires \u00e0 la r\u00e9alisation de la prescription aupr\u00e8s de vos patients gr\u00e2ce \u00e0 notre collection compl\u00e8te de documents pour les professionnels de sant\u00e9.\" \/>\n<meta property=\"og:url\" content=\"https:\/\/www.synlab.fr\/oxabio\/espace-professionnels-de-sante\/prescrire-des-analyses\/\" \/>\n<meta property=\"og:site_name\" content=\"Synlab Oxabio\" \/>\n<meta property=\"article:modified_time\" content=\"2023-01-23T16:48:33+00:00\" \/>\n<meta name=\"twitter:card\" content=\"summary_large_image\" \/>\n<script type=\"application\/ld+json\" class=\"yoast-schema-graph\">{\"@context\":\"https:\/\/schema.org\",\"@graph\":[{\"@type\":\"WebPage\",\"@id\":\"https:\/\/www.synlab.fr\/oxabio\/espace-professionnels-de-sante\/prescrire-des-analyses\/\",\"url\":\"https:\/\/www.synlab.fr\/oxabio\/espace-professionnels-de-sante\/prescrire-des-analyses\/\",\"name\":\"SYNLAB Oxabio - Prescrire des analyses\",\"isPartOf\":{\"@id\":\"https:\/\/www.synlab.fr\/oxabio\/#website\"},\"datePublished\":\"2022-11-17T13:20:50+00:00\",\"dateModified\":\"2023-01-23T16:48:33+00:00\",\"description\":\"Retrouvez facilement tous les documents n\u00e9cessaires \u00e0 la r\u00e9alisation de la prescription aupr\u00e8s de vos patients gr\u00e2ce \u00e0 notre collection compl\u00e8te de documents pour les professionnels de sant\u00e9.\",\"breadcrumb\":{\"@id\":\"https:\/\/www.synlab.fr\/oxabio\/espace-professionnels-de-sante\/prescrire-des-analyses\/#breadcrumb\"},\"inLanguage\":\"fr-FR\",\"potentialAction\":[{\"@type\":\"ReadAction\",\"target\":[\"https:\/\/www.synlab.fr\/oxabio\/espace-professionnels-de-sante\/prescrire-des-analyses\/\"]}]},{\"@type\":\"BreadcrumbList\",\"@id\":\"https:\/\/www.synlab.fr\/oxabio\/espace-professionnels-de-sante\/prescrire-des-analyses\/#breadcrumb\",\"itemListElement\":[{\"@type\":\"ListItem\",\"position\":1,\"name\":\"Home\",\"item\":\"https:\/\/www.synlab.fr\/oxabio\/\"},{\"@type\":\"ListItem\",\"position\":2,\"name\":\"Espace professionnels de sant\u00e9\",\"item\":\"https:\/\/www.synlab.fr\/oxabio\/espace-professionnels-de-sante\/\"},{\"@type\":\"ListItem\",\"position\":3,\"name\":\"Prescrire des analyses\"}]},{\"@type\":\"WebSite\",\"@id\":\"https:\/\/www.synlab.fr\/oxabio\/#website\",\"url\":\"https:\/\/www.synlab.fr\/oxabio\/\",\"name\":\"Synlab Oxabio\",\"description\":\"Un site utilisant Synlab\",\"potentialAction\":[{\"@type\":\"SearchAction\",\"target\":{\"@type\":\"EntryPoint\",\"urlTemplate\":\"https:\/\/www.synlab.fr\/oxabio\/?s={search_term_string}\"},\"query-input\":{\"@type\":\"PropertyValueSpecification\",\"valueRequired\":true,\"valueName\":\"search_term_string\"}}],\"inLanguage\":\"fr-FR\"}]}<\/script>\n<!-- \/ Yoast SEO plugin. -->","yoast_head_json":{"title":"SYNLAB Oxabio - Prescrire des analyses","description":"Retrouvez facilement tous les documents n\u00e9cessaires \u00e0 la r\u00e9alisation de la prescription aupr\u00e8s de vos patients gr\u00e2ce \u00e0 notre collection compl\u00e8te de documents pour les professionnels de sant\u00e9.","robots":{"index":"noindex","follow":"follow","max-snippet":"max-snippet:-1","max-image-preview":"max-image-preview:large","max-video-preview":"max-video-preview:-1"},"og_locale":"fr_FR","og_type":"article","og_title":"SYNLAB Oxabio - Prescrire des analyses","og_description":"Retrouvez facilement tous les documents n\u00e9cessaires \u00e0 la r\u00e9alisation de la prescription aupr\u00e8s de vos patients gr\u00e2ce \u00e0 notre collection compl\u00e8te de documents pour les professionnels de sant\u00e9.","og_url":"https:\/\/www.synlab.fr\/oxabio\/espace-professionnels-de-sante\/prescrire-des-analyses\/","og_site_name":"Synlab Oxabio","article_modified_time":"2023-01-23T16:48:33+00:00","twitter_card":"summary_large_image","schema":{"@context":"https:\/\/schema.org","@graph":[{"@type":"WebPage","@id":"https:\/\/www.synlab.fr\/oxabio\/espace-professionnels-de-sante\/prescrire-des-analyses\/","url":"https:\/\/www.synlab.fr\/oxabio\/espace-professionnels-de-sante\/prescrire-des-analyses\/","name":"SYNLAB Oxabio - Prescrire des analyses","isPartOf":{"@id":"https:\/\/www.synlab.fr\/oxabio\/#website"},"datePublished":"2022-11-17T13:20:50+00:00","dateModified":"2023-01-23T16:48:33+00:00","description":"Retrouvez facilement tous les documents n\u00e9cessaires \u00e0 la r\u00e9alisation de la prescription aupr\u00e8s de vos patients gr\u00e2ce \u00e0 notre collection compl\u00e8te de documents pour les professionnels de sant\u00e9.","breadcrumb":{"@id":"https:\/\/www.synlab.fr\/oxabio\/espace-professionnels-de-sante\/prescrire-des-analyses\/#breadcrumb"},"inLanguage":"fr-FR","potentialAction":[{"@type":"ReadAction","target":["https:\/\/www.synlab.fr\/oxabio\/espace-professionnels-de-sante\/prescrire-des-analyses\/"]}]},{"@type":"BreadcrumbList","@id":"https:\/\/www.synlab.fr\/oxabio\/espace-professionnels-de-sante\/prescrire-des-analyses\/#breadcrumb","itemListElement":[{"@type":"ListItem","position":1,"name":"Home","item":"https:\/\/www.synlab.fr\/oxabio\/"},{"@type":"ListItem","position":2,"name":"Espace professionnels de sant\u00e9","item":"https:\/\/www.synlab.fr\/oxabio\/espace-professionnels-de-sante\/"},{"@type":"ListItem","position":3,"name":"Prescrire des analyses"}]},{"@type":"WebSite","@id":"https:\/\/www.synlab.fr\/oxabio\/#website","url":"https:\/\/www.synlab.fr\/oxabio\/","name":"Synlab Oxabio","description":"Un site utilisant Synlab","potentialAction":[{"@type":"SearchAction","target":{"@type":"EntryPoint","urlTemplate":"https:\/\/www.synlab.fr\/oxabio\/?s={search_term_string}"},"query-input":{"@type":"PropertyValueSpecification","valueRequired":true,"valueName":"search_term_string"}}],"inLanguage":"fr-FR"}]}},"_links":{"self":[{"href":"https:\/\/www.synlab.fr\/oxabio\/wp-json\/wp\/v2\/pages\/4359","targetHints":{"allow":["GET"]}}],"collection":[{"href":"https:\/\/www.synlab.fr\/oxabio\/wp-json\/wp\/v2\/pages"}],"about":[{"href":"https:\/\/www.synlab.fr\/oxabio\/wp-json\/wp\/v2\/types\/page"}],"author":[{"embeddable":true,"href":"https:\/\/www.synlab.fr\/oxabio\/wp-json\/wp\/v2\/users\/13"}],"replies":[{"embeddable":true,"href":"https:\/\/www.synlab.fr\/oxabio\/wp-json\/wp\/v2\/comments?post=4359"}],"version-history":[{"count":19,"href":"https:\/\/www.synlab.fr\/oxabio\/wp-json\/wp\/v2\/pages\/4359\/revisions"}],"predecessor-version":[{"id":4962,"href":"https:\/\/www.synlab.fr\/oxabio\/wp-json\/wp\/v2\/pages\/4359\/revisions\/4962"}],"up":[{"embeddable":true,"href":"https:\/\/www.synlab.fr\/oxabio\/wp-json\/wp\/v2\/pages\/24"}],"wp:attachment":[{"href":"https:\/\/www.synlab.fr\/oxabio\/wp-json\/wp\/v2\/media?parent=4359"}],"curies":[{"name":"wp","href":"https:\/\/api.w.org\/{rel}","templated":true}]}}