{"id":4387,"date":"2022-11-17T15:45:53","date_gmt":"2022-11-17T14:45:53","guid":{"rendered":"https:\/\/www.synlab.fr\/oxabio\/?page_id=4387"},"modified":"2023-06-27T15:32:02","modified_gmt":"2023-06-27T13:32:02","slug":"qui-sommes-nous","status":"publish","type":"page","link":"https:\/\/www.synlab.fr\/oxabio\/nous-connaitre\/decouvrir-synlab-oxabio\/qui-sommes-nous\/","title":{"rendered":"Qui sommes-nous ?"},"content":{"rendered":"<div class=\"container block-texte_image\">\n\n\t\t\t<div class=\"block-texte_image-contenu order-1\" style=\"--widthContenu:100%\">\n\t\t\t\t\t\t<article><p>Les laboratoires Synlab Oxabio sont dirig\u00e9s par 9 pharmaciens et m\u00e9decins biologistes avec la collaboration de pr\u00e8s de 160 collaborateurs qualifi\u00e9s r\u00e9partis sur 9 sites implant\u00e9s dans les Hauts de France : <strong>Cambrai (Porte Notre-Dame, Martin-Martine), Caudry, Solesmes, Douchy-les-Mines, Douai, Leforest, H\u00e9nin-Beaumont et B\u00e9thune.<\/strong><\/p>\n<\/article>\t\t\t\t\t\t\n\t\t\t\t\t<\/div>\n\t\n\t\n\t\t\n<\/div>\n\n\n\n\n\t\n\t\n\n\n\n<div class=\"container-fluid block-separateur\" style=\"--heightDesk:15px;--heightMob:10px;\">\n\n    \n    \n<\/div>\n\n<div class=\"container block-texte_image\">\n\n\t\t\t<div class=\"block-texte_image-contenu order-1\" style=\"--widthContenu:100%\">\n\t\t\t<h3>Les biologistes au sein des 9 laboratoires<\/h3>\t\t\t\t\t\t\t\t\t\n\t\t\t\t\t<\/div>\n\t\n\t\n\t\t\n<\/div>\n\n\n\n\n\t\n\t\n\n\n<div class=\"container block-equipes\">\n\n\t\n\t\t\t\t\t<div class=\"block-equipes-item\">\n\t\t\t<div class=\"block-equipes-item-image\">\n\t\t\t\t<img decoding=\"async\" src=\"https:\/\/www.synlab.fr\/oxabio\/wp-content\/uploads\/sites\/41\/2023\/02\/Sans-titre-53-e1675853399261-200x200.png\" alt=\"Sans titre (53)\" \/>\n\t\t\t<\/div>\n\t\t\t<div class=\"block-equipes-item-textes\">\n\t\t\t\t<div class=\"block-equipes-item-textes-nom\">Dr Jean-Damien Capelle<\/div>\n\t\t\t\t<div class=\"block-equipes-item-textes-fonction\">Biologiste m\u00e9dical<\/div>\n\t\t\t\t\t\t\t<\/div>\n\t\t<\/div>\n\t\t\t\t<div class=\"block-equipes-item\">\n\t\t\t<div class=\"block-equipes-item-image\">\n\t\t\t\t<img decoding=\"async\" src=\"https:\/\/www.synlab.fr\/oxabio\/wp-content\/uploads\/sites\/41\/2023\/02\/Sans-titre-54-e1675853518383-200x200.png\" alt=\"Sans titre (54)\" \/>\n\t\t\t<\/div>\n\t\t\t<div class=\"block-equipes-item-textes\">\n\t\t\t\t<div class=\"block-equipes-item-textes-nom\">Dr Audrey Bourlart<\/div>\n\t\t\t\t<div class=\"block-equipes-item-textes-fonction\">Biologiste m\u00e9dical<\/div>\n\t\t\t\t\t\t\t<\/div>\n\t\t<\/div>\n\t\t\t\t<div class=\"block-equipes-item\">\n\t\t\t<div class=\"block-equipes-item-image\">\n\t\t\t\t<img decoding=\"async\" src=\"https:\/\/www.synlab.fr\/oxabio\/wp-content\/uploads\/sites\/41\/2023\/02\/Sans-titre-52-e1675853256303-200x200.png\" alt=\"Sans titre (52)\" \/>\n\t\t\t<\/div>\n\t\t\t<div class=\"block-equipes-item-textes\">\n\t\t\t\t<div class=\"block-equipes-item-textes-nom\">Dr Philippe Dauchy<\/div>\n\t\t\t\t<div class=\"block-equipes-item-textes-fonction\">Biologiste m\u00e9dical<\/div>\n\t\t\t\t\t\t\t<\/div>\n\t\t<\/div>\n\t\t\t\t<div class=\"block-equipes-item\">\n\t\t\t<div class=\"block-equipes-item-image\">\n\t\t\t\t<img decoding=\"async\" src=\"https:\/\/www.synlab.fr\/oxabio\/wp-content\/uploads\/sites\/41\/2023\/02\/Sans-titre-51-e1675853124383-200x200.png\" alt=\"Sans titre (51)\" \/>\n\t\t\t<\/div>\n\t\t\t<div class=\"block-equipes-item-textes\">\n\t\t\t\t<div class=\"block-equipes-item-textes-nom\">Dr Eric Leclercq<\/div>\n\t\t\t\t<div class=\"block-equipes-item-textes-fonction\">Biologiste m\u00e9dical<\/div>\n\t\t\t\t\t\t\t<\/div>\n\t\t<\/div>\n\t\t\t\t<div class=\"block-equipes-item\">\n\t\t\t<div class=\"block-equipes-item-image\">\n\t\t\t\t<img decoding=\"async\" src=\"https:\/\/www.synlab.fr\/oxabio\/wp-content\/uploads\/sites\/41\/2023\/02\/Sans-titre-50-e1675852956408-200x200.png\" alt=\"Sans titre (50)\" \/>\n\t\t\t<\/div>\n\t\t\t<div class=\"block-equipes-item-textes\">\n\t\t\t\t<div class=\"block-equipes-item-textes-nom\">Dr Dominique Bibas<\/div>\n\t\t\t\t<div class=\"block-equipes-item-textes-fonction\">Biologiste m\u00e9dical<\/div>\n\t\t\t\t\t\t\t<\/div>\n\t\t<\/div>\n\t\t\t\t<div class=\"block-equipes-item\">\n\t\t\t<div class=\"block-equipes-item-image\">\n\t\t\t\t<img decoding=\"async\" src=\"https:\/\/www.synlab.fr\/oxabio\/wp-content\/uploads\/sites\/41\/2023\/02\/Sans-titre-47-e1675852374113-200x200.png\" alt=\"Sans titre (47)\" \/>\n\t\t\t<\/div>\n\t\t\t<div class=\"block-equipes-item-textes\">\n\t\t\t\t<div class=\"block-equipes-item-textes-nom\">Dr Lise Jaspart<\/div>\n\t\t\t\t<div class=\"block-equipes-item-textes-fonction\">Biologiste m\u00e9dical<\/div>\n\t\t\t\t\t\t\t<\/div>\n\t\t<\/div>\n\t\t\t\t<div class=\"block-equipes-item\">\n\t\t\t<div class=\"block-equipes-item-image\">\n\t\t\t\t<img decoding=\"async\" src=\"https:\/\/www.synlab.fr\/oxabio\/wp-content\/uploads\/sites\/41\/2023\/02\/Sans-titre-45-e1675851994329-200x200.png\" alt=\"Sans titre (45)\" \/>\n\t\t\t<\/div>\n\t\t\t<div class=\"block-equipes-item-textes\">\n\t\t\t\t<div class=\"block-equipes-item-textes-nom\">Dr Doroth\u00e9e Jops<\/div>\n\t\t\t\t<div class=\"block-equipes-item-textes-fonction\">Biologiste m\u00e9dical<\/div>\n\t\t\t\t\t\t\t<\/div>\n\t\t<\/div>\n\t\t\t\t<div class=\"block-equipes-item\">\n\t\t\t<div class=\"block-equipes-item-image\">\n\t\t\t\t<img decoding=\"async\" src=\"https:\/\/www.synlab.fr\/oxabio\/wp-content\/uploads\/sites\/41\/2023\/02\/Sans-titre-46-e1675852210292-200x200.png\" alt=\"Sans titre (46)\" \/>\n\t\t\t<\/div>\n\t\t\t<div class=\"block-equipes-item-textes\">\n\t\t\t\t<div class=\"block-equipes-item-textes-nom\">Dr Blandine Fourdinier<\/div>\n\t\t\t\t<div class=\"block-equipes-item-textes-fonction\">Biologiste m\u00e9dical<\/div>\n\t\t\t\t\t\t\t<\/div>\n\t\t<\/div>\n\t\t\t\t<div class=\"block-equipes-item\">\n\t\t\t<div class=\"block-equipes-item-image\">\n\t\t\t\t<img decoding=\"async\" src=\"https:\/\/www.synlab.fr\/oxabio\/wp-content\/uploads\/sites\/41\/2023\/02\/Sans-titre-48-e1675852523316-200x200.png\" alt=\"Sans titre (48)\" \/>\n\t\t\t<\/div>\n\t\t\t<div class=\"block-equipes-item-textes\">\n\t\t\t\t<div class=\"block-equipes-item-textes-nom\">Dr Damien Artus<\/div>\n\t\t\t\t<div class=\"block-equipes-item-textes-fonction\">Biologiste m\u00e9dical<\/div>\n\t\t\t\t\t\t\t<\/div>\n\t\t<\/div>\n\t\t\t\t<div class=\"block-equipes-item\">\n\t\t\t<div class=\"block-equipes-item-image\">\n\t\t\t\t<img decoding=\"async\" src=\"https:\/\/www.synlab.fr\/oxabio\/wp-content\/uploads\/sites\/41\/2023\/02\/Sans-titre-49-e1675852830816-200x200.png\" alt=\"Sans titre (49)\" \/>\n\t\t\t<\/div>\n\t\t\t<div class=\"block-equipes-item-textes\">\n\t\t\t\t<div class=\"block-equipes-item-textes-nom\">Dr Roger Larre<\/div>\n\t\t\t\t<div class=\"block-equipes-item-textes-fonction\">Biologiste m\u00e9dical<\/div>\n\t\t\t\t\t\t\t<\/div>\n\t\t<\/div>\n\t\t\t\t\n<\/div>\n\n\n\n\n<div class=\"container-fluid block-separateur\" style=\"--heightDesk:15px;--heightMob:10px;\">\n\n    \n    \n<\/div>\n\n<div class=\"container block-texte_image\">\n\n\t\t\t<div class=\"block-texte_image-contenu order-1\" style=\"--widthContenu:100%\">\n\t\t\t<h3>Les m\u00e9tiers au sein des laboratoires : <\/h3>\t\t\t<article><ul>\n<li>Les biologistes m\u00e9dicaux<\/li>\n<li>Les techniciens de laboratoire<\/li>\n<li>Les secr\u00e9taires m\u00e9dicales<\/li>\n<li>Les coursiers<\/li>\n<li>Les agents d\u2019entretien<\/li>\n<li>Les diff\u00e9rents services supports\u00a0: la qualit\u00e9, les ressources humaines, l\u2019informatique, la communication, les relations avec les \u00e9tablissements de sant\u00e9, l\u2019organisation des services.<\/li>\n<\/ul>\n<\/article>\t\t\t\t\t\t\n\t\t\t\t\t<\/div>\n\t\n\t\n\t\t\n<\/div>\n\n\n\n\n\t\n\t\n\n\n<div class=\"container block-equipes\">\n\n\t\n\t\t\n<\/div>\n\n\n\n<div class=\"container block-equipes\">\n\n\t\n\t\t\t\t\t<div class=\"block-equipes-item\">\n\t\t\t<div class=\"block-equipes-item-image\">\n\t\t\t\t<img decoding=\"async\" src=\"https:\/\/www.synlab.fr\/oxabio\/wp-content\/uploads\/sites\/41\/2022\/11\/SYNLAB_CAMPAGNE_RECRUTEMENT_A3_Aurelie_160922_Q_HD_EXE_03.pdf-2-200x200.png\" alt=\"SYNLAB_CAMPAGNE_RECRUTEMENT_A3_Aur\u00e9lie_160922_Q_HD_EXE_03.pdf (2)\" \/>\n\t\t\t<\/div>\n\t\t\t<div class=\"block-equipes-item-textes\">\n\t\t\t\t<div class=\"block-equipes-item-textes-nom\">Secr\u00e9taires m\u00e9dicales<\/div>\n\t\t\t\t<div class=\"block-equipes-item-textes-fonction\"><\/div>\n\t\t\t\t\t\t\t<\/div>\n\t\t<\/div>\n\t\t\t\t<div class=\"block-equipes-item\">\n\t\t\t<div class=\"block-equipes-item-image\">\n\t\t\t\t<img decoding=\"async\" src=\"https:\/\/www.synlab.fr\/oxabio\/wp-content\/uploads\/sites\/41\/2023\/01\/Sans-titre-35-200x200.png\" alt=\"Sans titre (35)\" \/>\n\t\t\t<\/div>\n\t\t\t<div class=\"block-equipes-item-textes\">\n\t\t\t\t<div class=\"block-equipes-item-textes-nom\">Biologistes m\u00e9dicaux<\/div>\n\t\t\t\t<div class=\"block-equipes-item-textes-fonction\"><\/div>\n\t\t\t\t\t\t\t<\/div>\n\t\t<\/div>\n\t\t\t\t<div class=\"block-equipes-item\">\n\t\t\t<div class=\"block-equipes-item-image\">\n\t\t\t\t<img decoding=\"async\" src=\"https:\/\/www.synlab.fr\/oxabio\/wp-content\/uploads\/sites\/41\/2023\/01\/Sans-titre-36-200x200.png\" alt=\"Sans titre (36)\" \/>\n\t\t\t<\/div>\n\t\t\t<div class=\"block-equipes-item-textes\">\n\t\t\t\t<div class=\"block-equipes-item-textes-nom\">Infirmiers<\/div>\n\t\t\t\t<div class=\"block-equipes-item-textes-fonction\"><\/div>\n\t\t\t\t\t\t\t<\/div>\n\t\t<\/div>\n\t\t\t\t<div class=\"block-equipes-item\">\n\t\t\t<div class=\"block-equipes-item-image\">\n\t\t\t\t<img decoding=\"async\" src=\"https:\/\/www.synlab.fr\/oxabio\/wp-content\/uploads\/sites\/41\/2023\/01\/Sans-titre-39-200x200.png\" alt=\"Sans titre (39)\" \/>\n\t\t\t<\/div>\n\t\t\t<div class=\"block-equipes-item-textes\">\n\t\t\t\t<div class=\"block-equipes-item-textes-nom\">Techniciens de laboratoire<\/div>\n\t\t\t\t<div class=\"block-equipes-item-textes-fonction\"><\/div>\n\t\t\t\t\t\t\t<\/div>\n\t\t<\/div>\n\t\t\t\t<div class=\"block-equipes-item\">\n\t\t\t<div class=\"block-equipes-item-image\">\n\t\t\t\t<img decoding=\"async\" src=\"https:\/\/www.synlab.fr\/oxabio\/wp-content\/uploads\/sites\/41\/2023\/01\/Sans-titre-40-200x200.png\" alt=\"Sans titre (40)\" \/>\n\t\t\t<\/div>\n\t\t\t<div class=\"block-equipes-item-textes\">\n\t\t\t\t<div class=\"block-equipes-item-textes-nom\">Coursiers<\/div>\n\t\t\t\t<div class=\"block-equipes-item-textes-fonction\"><\/div>\n\t\t\t\t\t\t\t<\/div>\n\t\t<\/div>\n\t\t\t\t<div class=\"block-equipes-item\">\n\t\t\t<div class=\"block-equipes-item-image\">\n\t\t\t\t<img decoding=\"async\" src=\"https:\/\/www.synlab.fr\/oxabio\/wp-content\/uploads\/sites\/41\/2023\/01\/digital-nomad-working-remotly-on-their-project-200x200.jpg\" alt=\"digital-nomad-working-remotly-on-their-project\" \/>\n\t\t\t<\/div>\n\t\t\t<div class=\"block-equipes-item-textes\">\n\t\t\t\t<div class=\"block-equipes-item-textes-nom\">Services supports<\/div>\n\t\t\t\t<div class=\"block-equipes-item-textes-fonction\">Qualit\u00e9, Rh, communication, comptabilit\u00e9, gestion de projets<\/div>\n\t\t\t\t\t\t\t<\/div>\n\t\t<\/div>\n\t\t\t\t<div class=\"block-equipes-item\">\n\t\t\t<div class=\"block-equipes-item-image\">\n\t\t\t\t<img decoding=\"async\" src=\"https:\/\/www.synlab.fr\/oxabio\/wp-content\/uploads\/sites\/41\/2022\/10\/patiente-medecin-serre-main-200x200.jpeg\" alt=\"patiente-medecin-serre-main\" \/>\n\t\t\t<\/div>\n\t\t\t<div class=\"block-equipes-item-textes\">\n\t\t\t\t<div class=\"block-equipes-item-textes-nom\">Envie de nous rejoindre ? <\/div>\n\t\t\t\t<div class=\"block-equipes-item-textes-fonction\">Envoyez votre candidature spontan\u00e9e sur laboratoire@oxabio.fr<\/div>\n\t\t\t\t\t\t\t<\/div>\n\t\t<\/div>\n\t\t\t\t\n<\/div>\n\n\n\n\n<div class=\"container-fluid block-separateur\" style=\"--heightDesk:15px;--heightMob:10px;\">\n\n    \n    \n<\/div>\n\n<div class=\"container block-texte_image\">\n\n\t\t\t<div class=\"block-texte_image-contenu order-1\" style=\"--widthContenu:100%\">\n\t\t\t\t\t\t<article><blockquote>\n<p style=\"text-align: center\"><strong>Une \u00e9quipe comp\u00e9tente et dynamique dans un seul objectif\u00a0: garantir au patient le meilleur service possible. <\/strong><\/p>\n<p style=\"text-align: center\">L\u2019ensemble du personnel est soumis au secret professionnel.<\/p>\n<\/blockquote>\n<\/article>\t\t\t\t\t\t\n\t\t\t\t\t<\/div>\n\t\n\t\n\t\t\n<\/div>\n\n\n\n\n\t\n\t\n\n\n\n<div class=\"container-fluid block-separateur\" style=\"--heightDesk:10px;--heightMob:15px;\">\n\n    \n    \n<\/div>\n\n<div class=\"container block-texte_image\">\n\n\t\t\t<div class=\"block-texte_image-contenu order-1\" style=\"--widthContenu:100%\">\n\t\t\t<h2>Index\u00a0sur\u00a0l\u2019\u00e9galit\u00e9\u00a0Femmes\u00a0\/\u00a0Hommes 2022<\/h2>\t\t\t<article><p>L\u2019\u00e9galit\u00e9 professionnelle entre les femmes et les hommes a \u00e9t\u00e9 d\u00e9clar\u00e9e grande cause nationale par le gouvernement et a fait l\u2019objet de mesures inscrites dans la Loi pour la libert\u00e9 de choisir son avenir professionnel du 5 septembre 2018.<\/p>\n<p>L\u2019une des mesures phares du plan d\u2019action du gouvernement porte sur le calcul et la publication par les entreprises chaque ann\u00e9e d\u2019un <strong>index<\/strong> permettant d\u2019\u00e9valuer l\u2019\u00e9galit\u00e9 professionnelle entre les femmes et les hommes au travers de divers indicateurs.<\/p>\n<p><strong>Cet index est calcul\u00e9 sur 100 points r\u00e9partis en 5 indicateurs.<\/strong><\/p>\n<\/article>\t\t\t\t\t\t\n\t\t\t\t\t<\/div>\n\t\n\t\n\t\t\n<\/div>\n\n\n\n\n\t\n\t\n\n\n\n<div class=\"container-fluid block-separateur\" style=\"--heightDesk:10px;--heightMob:15px;\">\n\n    \n    \n<\/div>\n\n<div class=\"container block-texte_image\">\n\n\t\t\t<div class=\"block-texte_image-contenu order-1\" style=\"--widthContenu:100%\">\n\t\t\t\t\t\t<article><h3 style=\"text-align: center;\">L\u2019index obtenu par SYNLAB NOUVELLE AQUITAINE au titre de 2021 est de\u00a0: \u00a094\/100<\/h3>\n<\/article>\t\t\t\t\t\t\n\t\t\t\t\t<\/div>\n\t\n\t\n\t\t\n<\/div>\n\n\n\n\n\t\n\t\n\n\n\n<div class=\"container-fluid block-separateur\" style=\"--heightDesk:10px;--heightMob:15px;\">\n\n    \n    \n<\/div>\n\n<div class=\"container block-texte_image\">\n\n\t\t\t<div class=\"block-texte_image-contenu order-1\" style=\"--widthContenu:100%\">\n\t\t\t\t\t\t<article><p><strong>Le d\u00e9tail des points obtenus pour chaque indicateur est le suivant\u00a0: <\/strong><\/p>\n<ol>\n<li>Ecart de r\u00e9mun\u00e9ration entre les femmes et les hommes, sur 40 points : <strong>39 points.<\/strong><\/li>\n<li>Ecart de taux d\u2019augmentations individuelles entre les femmes et les hommes, sur 35 points : <strong>20 points.<\/strong><\/li>\n<li>Ecart de taux de promotions entre les femmes et les hommes, sur 15 points : <strong>15 points.<\/strong><\/li>\n<li>Augmentation au retour de cong\u00e9 maternit\u00e9, sur 15 points : <strong>15 points.<\/strong><\/li>\n<li>Nombre de salari\u00e9s du sexe sous-repr\u00e9sent\u00e9 parmi les 10 salari\u00e9s ayant per\u00e7u les plus hautes r\u00e9mun\u00e9rations (au moins 4 femmes ou hommes), sur 10 points : <strong>5 points.<\/strong><\/li>\n<\/ol>\n<\/article>\t\t\t\t\t\t\n\t\t\t\t\t<\/div>\n\t\n\t\n\t\t\n<\/div>\n\n\n\n\n\t\n\t\n","protected":false},"excerpt":{"rendered":"","protected":false},"author":13,"featured_media":3476,"parent":1380,"menu_order":1,"comment_status":"closed","ping_status":"closed","template":"","meta":{"_acf_changed":false,"footnotes":""},"class_list":["post-4387","page","type-page","status-publish","has-post-thumbnail","hentry"],"acf":[],"yoast_head":"<!-- This site is optimized with the Yoast SEO plugin v26.3 - https:\/\/yoast.com\/wordpress\/plugins\/seo\/ -->\n<title>SYNLAB Oxabio - Qui sommes-nous ?<\/title>\n<meta name=\"description\" content=\"Les laboratoires d&#039;analyses m\u00e9dicales Synlab Oxabio sont dirig\u00e9s par 9 pharmaciens et m\u00e9decins biologistes avec la collaboration de pr\u00e8s de 160 collaborateurs qualifi\u00e9s r\u00e9partis sur 9 sites implant\u00e9s dans les Hauts de France.\" \/>\n<meta name=\"robots\" content=\"noindex, follow, max-snippet:-1, max-image-preview:large, max-video-preview:-1\" \/>\n<meta property=\"og:locale\" content=\"fr_FR\" \/>\n<meta property=\"og:type\" content=\"article\" \/>\n<meta property=\"og:title\" content=\"SYNLAB Oxabio - Qui sommes-nous ?\" \/>\n<meta property=\"og:description\" content=\"Les laboratoires d&#039;analyses m\u00e9dicales Synlab Oxabio sont dirig\u00e9s par 9 pharmaciens et m\u00e9decins biologistes avec la collaboration de pr\u00e8s de 160 collaborateurs qualifi\u00e9s r\u00e9partis sur 9 sites implant\u00e9s dans les Hauts de France.\" \/>\n<meta property=\"og:url\" content=\"https:\/\/www.synlab.fr\/oxabio\/nous-connaitre\/decouvrir-synlab-oxabio\/qui-sommes-nous\/\" \/>\n<meta property=\"og:site_name\" content=\"Synlab Oxabio\" \/>\n<meta property=\"article:modified_time\" content=\"2023-06-27T13:32:02+00:00\" \/>\n<meta property=\"og:image\" content=\"https:\/\/www.synlab.fr\/clone\/oxabio\/wp-content\/uploads\/sites\/41\/2022\/10\/trnava-university-Ao6MBMOB8Po-unsplash.jpg\" \/>\n\t<meta property=\"og:image:width\" content=\"640\" \/>\n\t<meta property=\"og:image:height\" content=\"960\" \/>\n\t<meta property=\"og:image:type\" content=\"image\/jpeg\" \/>\n<meta name=\"twitter:card\" content=\"summary_large_image\" \/>\n<script type=\"application\/ld+json\" class=\"yoast-schema-graph\">{\"@context\":\"https:\/\/schema.org\",\"@graph\":[{\"@type\":\"WebPage\",\"@id\":\"https:\/\/www.synlab.fr\/oxabio\/nous-connaitre\/decouvrir-synlab-oxabio\/qui-sommes-nous\/\",\"url\":\"https:\/\/www.synlab.fr\/oxabio\/nous-connaitre\/decouvrir-synlab-oxabio\/qui-sommes-nous\/\",\"name\":\"SYNLAB Oxabio - Qui sommes-nous ?\",\"isPartOf\":{\"@id\":\"https:\/\/www.synlab.fr\/oxabio\/#website\"},\"primaryImageOfPage\":{\"@id\":\"https:\/\/www.synlab.fr\/oxabio\/nous-connaitre\/decouvrir-synlab-oxabio\/qui-sommes-nous\/#primaryimage\"},\"image\":{\"@id\":\"https:\/\/www.synlab.fr\/oxabio\/nous-connaitre\/decouvrir-synlab-oxabio\/qui-sommes-nous\/#primaryimage\"},\"thumbnailUrl\":\"https:\/\/www.synlab.fr\/oxabio\/wp-content\/uploads\/sites\/41\/2022\/10\/trnava-university-Ao6MBMOB8Po-unsplash.jpg\",\"datePublished\":\"2022-11-17T14:45:53+00:00\",\"dateModified\":\"2023-06-27T13:32:02+00:00\",\"description\":\"Les laboratoires d'analyses m\u00e9dicales Synlab Oxabio sont dirig\u00e9s par 9 pharmaciens et m\u00e9decins biologistes avec la collaboration de pr\u00e8s de 160 collaborateurs qualifi\u00e9s r\u00e9partis sur 9 sites implant\u00e9s dans les Hauts de France.\",\"breadcrumb\":{\"@id\":\"https:\/\/www.synlab.fr\/oxabio\/nous-connaitre\/decouvrir-synlab-oxabio\/qui-sommes-nous\/#breadcrumb\"},\"inLanguage\":\"fr-FR\",\"potentialAction\":[{\"@type\":\"ReadAction\",\"target\":[\"https:\/\/www.synlab.fr\/oxabio\/nous-connaitre\/decouvrir-synlab-oxabio\/qui-sommes-nous\/\"]}]},{\"@type\":\"ImageObject\",\"inLanguage\":\"fr-FR\",\"@id\":\"https:\/\/www.synlab.fr\/oxabio\/nous-connaitre\/decouvrir-synlab-oxabio\/qui-sommes-nous\/#primaryimage\",\"url\":\"https:\/\/www.synlab.fr\/oxabio\/wp-content\/uploads\/sites\/41\/2022\/10\/trnava-university-Ao6MBMOB8Po-unsplash.jpg\",\"contentUrl\":\"https:\/\/www.synlab.fr\/oxabio\/wp-content\/uploads\/sites\/41\/2022\/10\/trnava-university-Ao6MBMOB8Po-unsplash.jpg\",\"width\":640,\"height\":960,\"caption\":\"Bureau dans un laboratoire\"},{\"@type\":\"BreadcrumbList\",\"@id\":\"https:\/\/www.synlab.fr\/oxabio\/nous-connaitre\/decouvrir-synlab-oxabio\/qui-sommes-nous\/#breadcrumb\",\"itemListElement\":[{\"@type\":\"ListItem\",\"position\":1,\"name\":\"Home\",\"item\":\"https:\/\/www.synlab.fr\/oxabio\/\"},{\"@type\":\"ListItem\",\"position\":2,\"name\":\"Nous conna\u00eetre\",\"item\":\"https:\/\/www.synlab.fr\/oxabio\/nous-connaitre\/\"},{\"@type\":\"ListItem\",\"position\":3,\"name\":\"D\u00e9couvrir SYNLAB Oxabio\",\"item\":\"https:\/\/www.synlab.fr\/oxabio\/nous-connaitre\/decouvrir-synlab-oxabio\/\"},{\"@type\":\"ListItem\",\"position\":4,\"name\":\"Qui sommes-nous ?\"}]},{\"@type\":\"WebSite\",\"@id\":\"https:\/\/www.synlab.fr\/oxabio\/#website\",\"url\":\"https:\/\/www.synlab.fr\/oxabio\/\",\"name\":\"Synlab Oxabio\",\"description\":\"Un site utilisant Synlab\",\"potentialAction\":[{\"@type\":\"SearchAction\",\"target\":{\"@type\":\"EntryPoint\",\"urlTemplate\":\"https:\/\/www.synlab.fr\/oxabio\/?s={search_term_string}\"},\"query-input\":{\"@type\":\"PropertyValueSpecification\",\"valueRequired\":true,\"valueName\":\"search_term_string\"}}],\"inLanguage\":\"fr-FR\"}]}<\/script>\n<!-- \/ Yoast SEO plugin. -->","yoast_head_json":{"title":"SYNLAB Oxabio - Qui sommes-nous ?","description":"Les laboratoires d'analyses m\u00e9dicales Synlab Oxabio sont dirig\u00e9s par 9 pharmaciens et m\u00e9decins biologistes avec la collaboration de pr\u00e8s de 160 collaborateurs qualifi\u00e9s r\u00e9partis sur 9 sites implant\u00e9s dans les Hauts de France.","robots":{"index":"noindex","follow":"follow","max-snippet":"max-snippet:-1","max-image-preview":"max-image-preview:large","max-video-preview":"max-video-preview:-1"},"og_locale":"fr_FR","og_type":"article","og_title":"SYNLAB Oxabio - Qui sommes-nous ?","og_description":"Les laboratoires d'analyses m\u00e9dicales Synlab Oxabio sont dirig\u00e9s par 9 pharmaciens et m\u00e9decins biologistes avec la collaboration de pr\u00e8s de 160 collaborateurs qualifi\u00e9s r\u00e9partis sur 9 sites implant\u00e9s dans les Hauts de France.","og_url":"https:\/\/www.synlab.fr\/oxabio\/nous-connaitre\/decouvrir-synlab-oxabio\/qui-sommes-nous\/","og_site_name":"Synlab Oxabio","article_modified_time":"2023-06-27T13:32:02+00:00","og_image":[{"width":640,"height":960,"url":"https:\/\/www.synlab.fr\/clone\/oxabio\/wp-content\/uploads\/sites\/41\/2022\/10\/trnava-university-Ao6MBMOB8Po-unsplash.jpg","type":"image\/jpeg"}],"twitter_card":"summary_large_image","schema":{"@context":"https:\/\/schema.org","@graph":[{"@type":"WebPage","@id":"https:\/\/www.synlab.fr\/oxabio\/nous-connaitre\/decouvrir-synlab-oxabio\/qui-sommes-nous\/","url":"https:\/\/www.synlab.fr\/oxabio\/nous-connaitre\/decouvrir-synlab-oxabio\/qui-sommes-nous\/","name":"SYNLAB Oxabio - Qui sommes-nous ?","isPartOf":{"@id":"https:\/\/www.synlab.fr\/oxabio\/#website"},"primaryImageOfPage":{"@id":"https:\/\/www.synlab.fr\/oxabio\/nous-connaitre\/decouvrir-synlab-oxabio\/qui-sommes-nous\/#primaryimage"},"image":{"@id":"https:\/\/www.synlab.fr\/oxabio\/nous-connaitre\/decouvrir-synlab-oxabio\/qui-sommes-nous\/#primaryimage"},"thumbnailUrl":"https:\/\/www.synlab.fr\/oxabio\/wp-content\/uploads\/sites\/41\/2022\/10\/trnava-university-Ao6MBMOB8Po-unsplash.jpg","datePublished":"2022-11-17T14:45:53+00:00","dateModified":"2023-06-27T13:32:02+00:00","description":"Les laboratoires d'analyses m\u00e9dicales Synlab Oxabio sont dirig\u00e9s par 9 pharmaciens et m\u00e9decins biologistes avec la collaboration de pr\u00e8s de 160 collaborateurs qualifi\u00e9s r\u00e9partis sur 9 sites implant\u00e9s dans les Hauts de France.","breadcrumb":{"@id":"https:\/\/www.synlab.fr\/oxabio\/nous-connaitre\/decouvrir-synlab-oxabio\/qui-sommes-nous\/#breadcrumb"},"inLanguage":"fr-FR","potentialAction":[{"@type":"ReadAction","target":["https:\/\/www.synlab.fr\/oxabio\/nous-connaitre\/decouvrir-synlab-oxabio\/qui-sommes-nous\/"]}]},{"@type":"ImageObject","inLanguage":"fr-FR","@id":"https:\/\/www.synlab.fr\/oxabio\/nous-connaitre\/decouvrir-synlab-oxabio\/qui-sommes-nous\/#primaryimage","url":"https:\/\/www.synlab.fr\/oxabio\/wp-content\/uploads\/sites\/41\/2022\/10\/trnava-university-Ao6MBMOB8Po-unsplash.jpg","contentUrl":"https:\/\/www.synlab.fr\/oxabio\/wp-content\/uploads\/sites\/41\/2022\/10\/trnava-university-Ao6MBMOB8Po-unsplash.jpg","width":640,"height":960,"caption":"Bureau dans un laboratoire"},{"@type":"BreadcrumbList","@id":"https:\/\/www.synlab.fr\/oxabio\/nous-connaitre\/decouvrir-synlab-oxabio\/qui-sommes-nous\/#breadcrumb","itemListElement":[{"@type":"ListItem","position":1,"name":"Home","item":"https:\/\/www.synlab.fr\/oxabio\/"},{"@type":"ListItem","position":2,"name":"Nous conna\u00eetre","item":"https:\/\/www.synlab.fr\/oxabio\/nous-connaitre\/"},{"@type":"ListItem","position":3,"name":"D\u00e9couvrir SYNLAB Oxabio","item":"https:\/\/www.synlab.fr\/oxabio\/nous-connaitre\/decouvrir-synlab-oxabio\/"},{"@type":"ListItem","position":4,"name":"Qui sommes-nous ?"}]},{"@type":"WebSite","@id":"https:\/\/www.synlab.fr\/oxabio\/#website","url":"https:\/\/www.synlab.fr\/oxabio\/","name":"Synlab Oxabio","description":"Un site utilisant Synlab","potentialAction":[{"@type":"SearchAction","target":{"@type":"EntryPoint","urlTemplate":"https:\/\/www.synlab.fr\/oxabio\/?s={search_term_string}"},"query-input":{"@type":"PropertyValueSpecification","valueRequired":true,"valueName":"search_term_string"}}],"inLanguage":"fr-FR"}]}},"_links":{"self":[{"href":"https:\/\/www.synlab.fr\/oxabio\/wp-json\/wp\/v2\/pages\/4387","targetHints":{"allow":["GET"]}}],"collection":[{"href":"https:\/\/www.synlab.fr\/oxabio\/wp-json\/wp\/v2\/pages"}],"about":[{"href":"https:\/\/www.synlab.fr\/oxabio\/wp-json\/wp\/v2\/types\/page"}],"author":[{"embeddable":true,"href":"https:\/\/www.synlab.fr\/oxabio\/wp-json\/wp\/v2\/users\/13"}],"replies":[{"embeddable":true,"href":"https:\/\/www.synlab.fr\/oxabio\/wp-json\/wp\/v2\/comments?post=4387"}],"version-history":[{"count":32,"href":"https:\/\/www.synlab.fr\/oxabio\/wp-json\/wp\/v2\/pages\/4387\/revisions"}],"predecessor-version":[{"id":5375,"href":"https:\/\/www.synlab.fr\/oxabio\/wp-json\/wp\/v2\/pages\/4387\/revisions\/5375"}],"up":[{"embeddable":true,"href":"https:\/\/www.synlab.fr\/oxabio\/wp-json\/wp\/v2\/pages\/1380"}],"wp:featuredmedia":[{"embeddable":true,"href":"https:\/\/www.synlab.fr\/oxabio\/wp-json\/wp\/v2\/media\/3476"}],"wp:attachment":[{"href":"https:\/\/www.synlab.fr\/oxabio\/wp-json\/wp\/v2\/media?parent=4387"}],"curies":[{"name":"wp","href":"https:\/\/api.w.org\/{rel}","templated":true}]}}