{"id":5103,"date":"2023-02-07T16:13:48","date_gmt":"2023-02-07T15:13:48","guid":{"rendered":"https:\/\/www.synlab.fr\/oxabio\/?page_id=5103"},"modified":"2023-02-07T16:14:04","modified_gmt":"2023-02-07T15:14:04","slug":"hemoculture","status":"publish","type":"page","link":"https:\/\/www.synlab.fr\/oxabio\/espace-professionnels-de-sante\/prelever\/les-protocoles-de-recueil\/hemoculture\/","title":{"rendered":"H\u00e9moculture"},"content":{"rendered":"<div class=\"container block-texte_image\">\n\n\t\t\t<div class=\"block-texte_image-contenu order-1\" style=\"--widthContenu:100%\">\n\t\t\t<h2>Mat\u00e9riel<\/h2>\t\t\t<article><p>Les flacons pour h\u00e9moculture sont disponibles sur demande au Laboratoire. Il est necessaire de verifier la date de p\u00e9remption des flacons avant utilisation.<\/p>\n<p>Pr\u00e9lever pour un adulte 2 flacons (1 aerobie + 1 anaerobie) par serie et 1 seul(aerobie) pour un enfant.<\/p>\n<p>Ces flacons sont adapt\u00e9s \u00e9galement pour la recherche d&rsquo;une mycose syst\u00e9mique (Candida).<\/p>\n<\/article>\t\t\t\t\t\t\n\t\t\t\t\t<\/div>\n\t\n\t\n\t\t\n<\/div>\n\n\n\n\n\t\n\t\n\n\n\n<div class=\"container-fluid block-separateur\" style=\"--heightDesk:10px;--heightMob:15px;\">\n\n    \n    \n<\/div>\n\n<div class=\"container block-texte_image\">\n\n\t\t\t<div class=\"block-texte_image-contenu order-1\" style=\"--widthContenu:100%\">\n\t\t\t<h2>Pr\u00e9l\u00e8vement :<\/h2>\t\t\t<article><ol>\n<li>Lavage antiseptique des mains du pr\u00e9leveur (Solution Hydroalcoolique SHA)<\/li>\n<li>D\u00e9sinfection de l&rsquo;opercule des flacons apr\u00e8s les avoir d\u00e9capsul\u00e9s : B\u00e9tadine dermique (temps &gt; 1 min)<\/li>\n<li>D\u00e9sinfection de la peau du malade sur le site de pr\u00e9l\u00e8vement : 2 applications successives d&rsquo;antiseptique (temps &gt; 1 min \u00e0 chaque application). Pour les enfants de moins de 30 moins utiliser un antiseptique adapt\u00e9 \u00e0 l&rsquo;\u00e2ge.<\/li>\n<li>Ne plus toucher le site de pr\u00e9l\u00e8vement apr\u00e8s l&rsquo;\u00e9tape 3<\/li>\n<li>Pr\u00e9lever le sang \u00e0 l&rsquo;aide des dispositifs sous vide fournis par le Laboratoire. Si vous utilisez une aiguille \u00e0 aillettes pour le pr\u00e9l\u00e8vement, il est necessaire de commencer par le flacons aerobie.<\/li>\n<li>Agitation\/Homogeneisation des flacons par retournements lents et successifs<\/li>\n<li>Identifier le flacon + noter les renseignements :<\/li>\n<\/ol>\n<ul>\n<li style=\"list-style-type: none;\">\n<ul>\n<li>Identit\u00e9<\/li>\n<li>Heure de pr\u00e9l\u00e8vement<\/li>\n<li>N\u00b0 de la serie et Temp\u00e9rature du patient au moment de la serie<\/li>\n<li>Site de pr\u00e9l\u00e8vement (KT ou p\u00e9ripherique)<\/li>\n<li>Traitement Antibiotique en cours le cas \u00e9ch\u00e9ant<\/li>\n<\/ul>\n<\/li>\n<\/ul>\n<\/article>\t\t\t\t\t\t\n\t\t\t\t\t<\/div>\n\t\n\t\n\t\t\n<\/div>\n\n\n\n\n\t\n\t\n\n\n\n<div class=\"container-fluid block-separateur\" style=\"--heightDesk:10px;--heightMob:15px;\">\n\n    \n    \n<\/div>\n\n<div class=\"container block-texte_image\">\n\n\t\t\t<div class=\"block-texte_image-contenu order-1\" style=\"--widthContenu:100%\">\n\t\t\t<h2>Nombre de s\u00e9rie :  <\/h2>\t\t\t<article><p>En g\u00e9n\u00e9ral, 2 \u00e0 3 s\u00e9ries\/24H s\u00e9par\u00e9es au minimum d&rsquo;une 1\/2 H.<\/p>\n<\/article>\t\t\t\t\t\t\n\t\t\t\t\t<\/div>\n\t\n\t\n\t\t\n<\/div>\n\n\n\n\n\t\n\t\n\n\n\n<div class=\"container-fluid block-separateur\" style=\"--heightDesk:10px;--heightMob:15px;\">\n\n    \n    \n<\/div>\n\n<div class=\"container block-texte_image\">\n\n\t\t\t<div class=\"block-texte_image-contenu order-1\" style=\"--widthContenu:100%\">\n\t\t\t<h2>Quand pr\u00e9lever ?<\/h2>\t\t\t<article><p>Id\u00e9alement au moment des pics thermiques ou hypothermie.<\/p>\n<p>Si les h\u00e9mocultures sont r\u00e9alis\u00e9es sur\u00a0<strong>chambre ou site implantable<\/strong>\u00a0: Pr\u00e9lever syst\u00e9matiquement en plus et au m\u00eame moment une serie en p\u00e9riph\u00e9rie.<\/p>\n<\/article>\t\t\t\t\t\t\n\t\t\t\t\t<\/div>\n\t\n\t\n\t\t\n<\/div>\n\n\n\n\n\t\n\t\n\n\n\n<div class=\"container-fluid block-separateur\" style=\"--heightDesk:10px;--heightMob:15px;\">\n\n    \n    \n<\/div>\n\n<div class=\"container block-texte_image\">\n\n\t\t\t<div class=\"block-texte_image-contenu order-1\" style=\"--widthContenu:100%\">\n\t\t\t<h2>Suspicion d&rsquo;endocardite<\/h2>\t\t\t<article><p>Il est indispensable de le preciser sur l&rsquo;\u00e9tiquette et bon de demande afin de prolonger l&rsquo;incubation \u00e0 ,15j des flacons.<\/p>\n<\/article>\t\t\t\t\t\t\n\t\t\t\t\t<\/div>\n\t\n\t\n\t\t\n<\/div>\n\n\n\n\n\t\n\t\n\n\n\n<div class=\"container-fluid block-separateur\" style=\"--heightDesk:10px;--heightMob:15px;\">\n\n    \n    \n<\/div>\n\n<div class=\"container block-texte_image\">\n\n\t\t\t<div class=\"block-texte_image-contenu order-1\" style=\"--widthContenu:100%\">\n\t\t\t<h2>Quand d\u00e9poser ?<\/h2>\t\t\t<article><p>Le plus rapidement possible, garder \u00e0 temp\u00e9rature ambiante.<\/p>\n<\/article>\t\t\t\t\t\t\n\t\t\t\t\t<\/div>\n\t\n\t\n\t\t\n<\/div>\n\n\n\n\n\t\n\t\n","protected":false},"excerpt":{"rendered":"","protected":false},"author":13,"featured_media":0,"parent":1338,"menu_order":1,"comment_status":"closed","ping_status":"closed","template":"","meta":{"_acf_changed":false,"footnotes":""},"class_list":["post-5103","page","type-page","status-publish","hentry"],"acf":[],"yoast_head":"<!-- This site is optimized with the Yoast SEO plugin v26.3 - https:\/\/yoast.com\/wordpress\/plugins\/seo\/ -->\n<title>H\u00e9moculture - Synlab Oxabio<\/title>\n<meta name=\"robots\" content=\"noindex, follow, max-snippet:-1, max-image-preview:large, max-video-preview:-1\" \/>\n<meta property=\"og:locale\" content=\"fr_FR\" \/>\n<meta property=\"og:type\" content=\"article\" \/>\n<meta property=\"og:title\" content=\"H\u00e9moculture - Synlab Oxabio\" \/>\n<meta property=\"og:url\" content=\"https:\/\/www.synlab.fr\/oxabio\/espace-professionnels-de-sante\/prelever\/les-protocoles-de-recueil\/hemoculture\/\" \/>\n<meta property=\"og:site_name\" content=\"Synlab Oxabio\" \/>\n<meta property=\"article:modified_time\" content=\"2023-02-07T15:14:04+00:00\" \/>\n<meta name=\"twitter:card\" content=\"summary_large_image\" \/>\n<script type=\"application\/ld+json\" class=\"yoast-schema-graph\">{\"@context\":\"https:\/\/schema.org\",\"@graph\":[{\"@type\":\"WebPage\",\"@id\":\"https:\/\/www.synlab.fr\/oxabio\/espace-professionnels-de-sante\/prelever\/les-protocoles-de-recueil\/hemoculture\/\",\"url\":\"https:\/\/www.synlab.fr\/oxabio\/espace-professionnels-de-sante\/prelever\/les-protocoles-de-recueil\/hemoculture\/\",\"name\":\"H\u00e9moculture - Synlab Oxabio\",\"isPartOf\":{\"@id\":\"https:\/\/www.synlab.fr\/oxabio\/#website\"},\"datePublished\":\"2023-02-07T15:13:48+00:00\",\"dateModified\":\"2023-02-07T15:14:04+00:00\",\"breadcrumb\":{\"@id\":\"https:\/\/www.synlab.fr\/oxabio\/espace-professionnels-de-sante\/prelever\/les-protocoles-de-recueil\/hemoculture\/#breadcrumb\"},\"inLanguage\":\"fr-FR\",\"potentialAction\":[{\"@type\":\"ReadAction\",\"target\":[\"https:\/\/www.synlab.fr\/oxabio\/espace-professionnels-de-sante\/prelever\/les-protocoles-de-recueil\/hemoculture\/\"]}]},{\"@type\":\"BreadcrumbList\",\"@id\":\"https:\/\/www.synlab.fr\/oxabio\/espace-professionnels-de-sante\/prelever\/les-protocoles-de-recueil\/hemoculture\/#breadcrumb\",\"itemListElement\":[{\"@type\":\"ListItem\",\"position\":1,\"name\":\"Home\",\"item\":\"https:\/\/www.synlab.fr\/oxabio\/\"},{\"@type\":\"ListItem\",\"position\":2,\"name\":\"Espace professionnels de sant\u00e9\",\"item\":\"https:\/\/www.synlab.fr\/oxabio\/espace-professionnels-de-sante\/\"},{\"@type\":\"ListItem\",\"position\":3,\"name\":\"Pr\u00e9lever\",\"item\":\"https:\/\/www.synlab.fr\/oxabio\/espace-professionnels-de-sante\/prelever\/\"},{\"@type\":\"ListItem\",\"position\":4,\"name\":\"Les protocoles de recueil\",\"item\":\"https:\/\/www.synlab.fr\/oxabio\/espace-professionnels-de-sante\/prelever\/les-protocoles-de-recueil\/\"},{\"@type\":\"ListItem\",\"position\":5,\"name\":\"H\u00e9moculture\"}]},{\"@type\":\"WebSite\",\"@id\":\"https:\/\/www.synlab.fr\/oxabio\/#website\",\"url\":\"https:\/\/www.synlab.fr\/oxabio\/\",\"name\":\"Synlab Oxabio\",\"description\":\"Un site utilisant Synlab\",\"potentialAction\":[{\"@type\":\"SearchAction\",\"target\":{\"@type\":\"EntryPoint\",\"urlTemplate\":\"https:\/\/www.synlab.fr\/oxabio\/?s={search_term_string}\"},\"query-input\":{\"@type\":\"PropertyValueSpecification\",\"valueRequired\":true,\"valueName\":\"search_term_string\"}}],\"inLanguage\":\"fr-FR\"}]}<\/script>\n<!-- \/ Yoast SEO plugin. -->","yoast_head_json":{"title":"H\u00e9moculture - Synlab Oxabio","robots":{"index":"noindex","follow":"follow","max-snippet":"max-snippet:-1","max-image-preview":"max-image-preview:large","max-video-preview":"max-video-preview:-1"},"og_locale":"fr_FR","og_type":"article","og_title":"H\u00e9moculture - Synlab Oxabio","og_url":"https:\/\/www.synlab.fr\/oxabio\/espace-professionnels-de-sante\/prelever\/les-protocoles-de-recueil\/hemoculture\/","og_site_name":"Synlab Oxabio","article_modified_time":"2023-02-07T15:14:04+00:00","twitter_card":"summary_large_image","schema":{"@context":"https:\/\/schema.org","@graph":[{"@type":"WebPage","@id":"https:\/\/www.synlab.fr\/oxabio\/espace-professionnels-de-sante\/prelever\/les-protocoles-de-recueil\/hemoculture\/","url":"https:\/\/www.synlab.fr\/oxabio\/espace-professionnels-de-sante\/prelever\/les-protocoles-de-recueil\/hemoculture\/","name":"H\u00e9moculture - Synlab Oxabio","isPartOf":{"@id":"https:\/\/www.synlab.fr\/oxabio\/#website"},"datePublished":"2023-02-07T15:13:48+00:00","dateModified":"2023-02-07T15:14:04+00:00","breadcrumb":{"@id":"https:\/\/www.synlab.fr\/oxabio\/espace-professionnels-de-sante\/prelever\/les-protocoles-de-recueil\/hemoculture\/#breadcrumb"},"inLanguage":"fr-FR","potentialAction":[{"@type":"ReadAction","target":["https:\/\/www.synlab.fr\/oxabio\/espace-professionnels-de-sante\/prelever\/les-protocoles-de-recueil\/hemoculture\/"]}]},{"@type":"BreadcrumbList","@id":"https:\/\/www.synlab.fr\/oxabio\/espace-professionnels-de-sante\/prelever\/les-protocoles-de-recueil\/hemoculture\/#breadcrumb","itemListElement":[{"@type":"ListItem","position":1,"name":"Home","item":"https:\/\/www.synlab.fr\/oxabio\/"},{"@type":"ListItem","position":2,"name":"Espace professionnels de sant\u00e9","item":"https:\/\/www.synlab.fr\/oxabio\/espace-professionnels-de-sante\/"},{"@type":"ListItem","position":3,"name":"Pr\u00e9lever","item":"https:\/\/www.synlab.fr\/oxabio\/espace-professionnels-de-sante\/prelever\/"},{"@type":"ListItem","position":4,"name":"Les protocoles de recueil","item":"https:\/\/www.synlab.fr\/oxabio\/espace-professionnels-de-sante\/prelever\/les-protocoles-de-recueil\/"},{"@type":"ListItem","position":5,"name":"H\u00e9moculture"}]},{"@type":"WebSite","@id":"https:\/\/www.synlab.fr\/oxabio\/#website","url":"https:\/\/www.synlab.fr\/oxabio\/","name":"Synlab Oxabio","description":"Un site utilisant Synlab","potentialAction":[{"@type":"SearchAction","target":{"@type":"EntryPoint","urlTemplate":"https:\/\/www.synlab.fr\/oxabio\/?s={search_term_string}"},"query-input":{"@type":"PropertyValueSpecification","valueRequired":true,"valueName":"search_term_string"}}],"inLanguage":"fr-FR"}]}},"_links":{"self":[{"href":"https:\/\/www.synlab.fr\/oxabio\/wp-json\/wp\/v2\/pages\/5103","targetHints":{"allow":["GET"]}}],"collection":[{"href":"https:\/\/www.synlab.fr\/oxabio\/wp-json\/wp\/v2\/pages"}],"about":[{"href":"https:\/\/www.synlab.fr\/oxabio\/wp-json\/wp\/v2\/types\/page"}],"author":[{"embeddable":true,"href":"https:\/\/www.synlab.fr\/oxabio\/wp-json\/wp\/v2\/users\/13"}],"replies":[{"embeddable":true,"href":"https:\/\/www.synlab.fr\/oxabio\/wp-json\/wp\/v2\/comments?post=5103"}],"version-history":[{"count":3,"href":"https:\/\/www.synlab.fr\/oxabio\/wp-json\/wp\/v2\/pages\/5103\/revisions"}],"predecessor-version":[{"id":5106,"href":"https:\/\/www.synlab.fr\/oxabio\/wp-json\/wp\/v2\/pages\/5103\/revisions\/5106"}],"up":[{"embeddable":true,"href":"https:\/\/www.synlab.fr\/oxabio\/wp-json\/wp\/v2\/pages\/1338"}],"wp:attachment":[{"href":"https:\/\/www.synlab.fr\/oxabio\/wp-json\/wp\/v2\/media?parent=5103"}],"curies":[{"name":"wp","href":"https:\/\/api.w.org\/{rel}","templated":true}]}}