{"id":1270,"date":"2022-08-22T11:35:47","date_gmt":"2022-08-22T09:35:47","guid":{"rendered":"https:\/\/www.synlab.fr\/synlab-nouvelle-aquitaine\/?page_id=1270"},"modified":"2023-06-29T14:46:35","modified_gmt":"2023-06-29T12:46:35","slug":"avant-de-venir","status":"publish","type":"page","link":"https:\/\/www.synlab.fr\/synlab-nouvelle-aquitaine\/patient\/avant-de-venir\/","title":{"rendered":"Avant de venir"},"content":{"rendered":"<div class=\"container text-center \">\n\t\t\t<h2 class=\"w-100  m-b-40\">Quels documents apporter ?<\/h2>\t<\/div>\n\n<div class=\"container-grid block-securite\">\n\n\t<div class=\"block-securite-left\">\n\t\t<img decoding=\"async\" src=\"https:\/\/www.synlab.fr\/synlab-nouvelle-aquitaine\/wp-content\/uploads\/sites\/45\/2023\/06\/240_F_243498951_JyEMWuCr9n9PesmQzotuzSdPYkqm66fF.jpg\" alt=\"240_F_243498951_JyEMWuCr9n9PesmQzotuzSdPYkqm66fF\" \/>\n\t<\/div>\n\n\t<div class=\"block-securite-right\">\n\t\t\t\t\t<div class=\"block-securite-right-item\">\n\t\t\t<div class=\"block-securite-right-item-picto\">\n\t\t\t\t<img decoding=\"async\" src=\"https:\/\/www.synlab.fr\/synlab-nouvelle-aquitaine\/wp-content\/uploads\/sites\/45\/2022\/09\/prescription.png\" alt=\"prescription\" \/>\n\t\t\t<\/div>\n\t\t\t<div>\n\t\t\t\t<div class=\"block-securite-right-item-titre\">Votre ordonnance<\/div>\n\t\t\t\t<div class=\"block-securite-right-item-texte\">Votre m\u00e9decin vous demande de r\u00e9aliser des examens dans le cadre de votre suivi m\u00e9dical. Il vous fournit alors une ordonnance avec le d\u00e9tail des analyses \u00e0 effectuer au laboratoire. Vous devrez la pr\u00e9senter au secr\u00e9tariat lors de l&rsquo;enregistrement de votre dossier.<\/div>\n\t\t\t\t<\/div>\n\t\t\t\n\t\t<\/div>\n\t\t\t\t<div class=\"block-securite-right-item\">\n\t\t\t<div class=\"block-securite-right-item-picto\">\n\t\t\t\t<img decoding=\"async\" src=\"https:\/\/www.synlab.fr\/synlab-nouvelle-aquitaine\/wp-content\/uploads\/sites\/45\/2022\/09\/id-card.png\" alt=\"id-card\" \/>\n\t\t\t<\/div>\n\t\t\t<div>\n\t\t\t\t<div class=\"block-securite-right-item-titre\">Carte vitale<\/div>\n\t\t\t\t<div class=\"block-securite-right-item-texte\">La carte Vitale contient les informations n\u00e9cessaires \u00e0 la prise en charge de vos soins et vous dispense d&rsquo;envoyer par courrier votre feuille de soins. Vous \u00eates donc rembours\u00e9 plus rapidement.<br \/>\r\nVous pouvez la mettre \u00e0 jour dans la plupart des pharmacies.<br \/>\r\nPour plus d&rsquo;informations, consultez sur votre compte ameli.<\/div>\n\t\t\t\t<\/div>\n\t\t\t\n\t\t<\/div>\n\t\t\t\t<div class=\"block-securite-right-item\">\n\t\t\t<div class=\"block-securite-right-item-picto\">\n\t\t\t\t<img decoding=\"async\" src=\"https:\/\/www.synlab.fr\/synlab-nouvelle-aquitaine\/wp-content\/uploads\/sites\/45\/2022\/09\/id-card.png\" alt=\"id-card\" \/>\n\t\t\t<\/div>\n\t\t\t<div>\n\t\t\t\t<div class=\"block-securite-right-item-titre\">Carte mutuelle<\/div>\n\t\t\t\t<div class=\"block-securite-right-item-texte\">La compl\u00e9mentaire sant\u00e9 compl\u00e8te les remboursements de l\u2019Assurance Maladie. Elle peut prendre en charge, soit une partie du ticket mod\u00e9rateur (partie non rembours\u00e9e par l\u2019Assurance Maladie), soit la totalit\u00e9. <br \/>\r\nBon \u00e0 savoir : Pour conna\u00eetre les prestations prises en charge par votre mutuelle, vous devez consulter votre contrat d\u2019adh\u00e9sion pour avoir un descriptif complet des garanties et des forfaits propos\u00e9s.<\/div>\n\t\t\t\t<\/div>\n\t\t\t\n\t\t<\/div>\n\t\t\t\t<\/div>\n<\/div>\n\n\n\n\n<div class=\"container-fluid block-separateur\" style=\"--heightDesk:20px;--heightMob:15px;\">\n\n    \n    \n<\/div>\n\n<div class=\"container block-texte_image\">\n\n\t\t\t<div class=\"block-texte_image-contenu order-1\" style=\"--widthContenu:100%\">\n\t\t\t<h2>Se pr\u00e9parer <\/h2>\t\t\t<article><h3>Quand \u00eatre \u00e0 je\u00fbn ?<\/h3>\n<p><span style=\"font-weight: 400;\">D\u2019une mani\u00e8re g\u00e9n\u00e9rale, si votre pr\u00e9l\u00e8vement ne comporte pas de caract\u00e8re d\u2019urgence, ou s\u2019il ne s\u2019agit pas d\u2019un cas particulier, il est pr\u00e9f\u00e9rable, dans la mesure du possible, d\u2019\u00eatre pr\u00e9lev\u00e9 \u00e0 jeun.<\/span><\/p>\n<p><strong>Si vous avez des questions, n\u2019h\u00e9sitez pas \u00e0 contacter le secr\u00e9tariat de votre laboratoire.<\/strong><\/p>\n<\/article>\t\t\t\t\t\t\n\t\t\t<p><a href=\"https:\/\/www.synlab.fr\/synlab-nouvelle-aquitaine\/trouver-un-laboratoire\/\" style=\"--colorCTA:#003765\" target=\"\" class=\"block-texte_image-contenu-cta\">Trouver un laboratoire<\/a><\/p>\t\t<\/div>\n\t\n\t\n\t\t\n<\/div>\n\n\n\n\n\t\n\t\n\n\n\n<div class=\"container-fluid block-separateur\" style=\"--heightDesk:10px;--heightMob:15px;\">\n\n    \n    \n<\/div>\n\n<div class=\"container text-center \">\n\t\t\t<h2 class=\"w-100  m-b-40\">Nos conseils pour se pr\u00e9parer \u00e0 la prise de sang<\/h2>\t<\/div>\n\n<div class=\"container-grid block-securite\">\n\n\t<div class=\"block-securite-left\">\n\t\t<img decoding=\"async\" src=\"https:\/\/www.synlab.fr\/synlab-nouvelle-aquitaine\/wp-content\/uploads\/sites\/45\/2022\/09\/prise-de-sang_Par-Ekaterina_AdobeStock_279033857-copie.jpeg\" alt=\"prise-de-sang_Par Ekaterina_AdobeStock_279033857-copie\" \/>\n\t<\/div>\n\n\t<div class=\"block-securite-right\">\n\t\t\t\t\t<div class=\"block-securite-right-item\">\n\t\t\t<div class=\"block-securite-right-item-picto\">\n\t\t\t\t<img decoding=\"async\" src=\"https:\/\/www.synlab.fr\/synlab-nouvelle-aquitaine\/wp-content\/uploads\/sites\/45\/2023\/04\/Numeros-4-e1673967732636.png\" alt=\"Numeros-4-e1673967732636\" \/>\n\t\t\t<\/div>\n\t\t\t<div>\n\t\t\t\t<div class=\"block-securite-right-item-titre\">Durant les 24h avant le pr\u00e9l\u00e8vement :<\/div>\n\t\t\t\t<div class=\"block-securite-right-item-texte\">Evitez les activit\u00e9s physiques intenses (course \u00e0 pied, musculation\u2026).<\/div>\n\t\t\t\t<\/div>\n\t\t\t\n\t\t<\/div>\n\t\t\t\t<div class=\"block-securite-right-item\">\n\t\t\t<div class=\"block-securite-right-item-picto\">\n\t\t\t\t<img decoding=\"async\" src=\"https:\/\/www.synlab.fr\/synlab-nouvelle-aquitaine\/wp-content\/uploads\/sites\/45\/2023\/04\/Numeros-1-e1673967667413.png\" alt=\"Numeros-1-e1673967667413\" \/>\n\t\t\t<\/div>\n\t\t\t<div>\n\t\t\t\t<div class=\"block-securite-right-item-titre\">Avant le pr\u00e9l\u00e8vement :<\/div>\n\t\t\t\t<div class=\"block-securite-right-item-texte\">Patientez si possible assis et relaxez-vous.<br \/>\r\n<br \/>\r\nAvant de commencer, le pr\u00e9leveur qui vous prendra en charge vous demandera de confirmer votre identit\u00e9 (nom, pr\u00e9nom, date de naissance) ainsi que les renseignements cliniques utiles \u00e0 l\u2019interpr\u00e9tation de l\u2019analyse.<br \/>\r\n<br \/>\r\nIl peut vous expliquer  le d\u00e9roulement du pr\u00e9l\u00e8vement et vous proposer, au besoin, de vous allonger afin de vous d\u00e9tendre.<\/div>\n\t\t\t\t<\/div>\n\t\t\t\n\t\t<\/div>\n\t\t\t\t<div class=\"block-securite-right-item\">\n\t\t\t<div class=\"block-securite-right-item-picto\">\n\t\t\t\t<img decoding=\"async\" src=\"https:\/\/www.synlab.fr\/synlab-nouvelle-aquitaine\/wp-content\/uploads\/sites\/45\/2023\/04\/Numeros-2-e1673967183955.png\" alt=\"Numeros-2-e1673967183955\" \/>\n\t\t\t<\/div>\n\t\t\t<div>\n\t\t\t\t<div class=\"block-securite-right-item-titre\">Apr\u00e8s le pr\u00e9l\u00e8vement <\/div>\n\t\t\t\t<div class=\"block-securite-right-item-texte\">Si vous en ressentez le besoin, vous pouvez demander \u00e0 rester allong\u00e9 quelques instants.<\/div>\n\t\t\t\t<\/div>\n\t\t\t\n\t\t<\/div>\n\t\t\t\t<\/div>\n<\/div>\n\n\n\n\n<div class=\"container-fluid block-separateur\" style=\"--heightDesk:10px;--heightMob:15px;\">\n\n    \n    \n<\/div>\n\n<div class=\"container block-texte_image\">\n\n\t\t\t<div class=\"block-texte_image-contenu order-0\" style=\"--widthContenu:70%\">\n\t\t\t<h2>Les enfants au laboratoire <\/h2>\t\t\t<article><p>Venir au laboratoire avec son enfant peut \u00eatre source de stress. C\u2019est pourquoi nos \u00e9quipes mettent tout en \u0153uvre pour vous aider \u00e0 vous pr\u00e9parer afin que tout se passe au mieux.<\/p>\n<\/article>\t\t\t\t\t\t\n\t\t\t<p><a href=\"https:\/\/www.synlab.fr\/synlab-nouvelle-aquitaine\/patient\/comment-preparer-votre-enfant-a-un-prelevement\/lanalyse-des-urines-ecbu-chez-lenfant-comment-realiser-le-prelevement-chez-le-nourrisson-et-lenfant-en-bas-age\/\" style=\"--colorCTA:#003765\" target=\"\" class=\"block-texte_image-contenu-cta\">L&rsquo;analyse des urines chez l&rsquo;enfant<\/a><a href=\"https:\/\/www.synlab.fr\/synlab-nouvelle-aquitaine\/patient\/comment-preparer-votre-enfant-a-un-prelevement\/\" style=\"--colorCTA:#003765\" target=\"\" class=\"block-texte_image-contenu-cta\">Pr\u00e9parer un enfant \u00e0 une prise de sang<\/a><\/p>\t\t<\/div>\n\t\n\t\n\t\t<div class=\"block-texte_image-illustration order-1\" style=\"--widthImage:30%;\">\n\t\t\t<img decoding=\"async\" src=\"https:\/\/www.synlab.fr\/synlab-nouvelle-aquitaine\/wp-content\/uploads\/sites\/45\/2023\/04\/Salle-attente-1-e1673974187235.png\" alt=\"Salle-attente-1-e1673974187235\"\/>\n\t\t<\/div>\n\n\t\n\t\t\n<\/div>\n\n\n\n\n\t\n\t\n","protected":false},"excerpt":{"rendered":"","protected":false},"author":13,"featured_media":3114,"parent":18,"menu_order":1,"comment_status":"closed","ping_status":"closed","template":"","meta":{"_acf_changed":false,"footnotes":""},"class_list":["post-1270","page","type-page","status-publish","has-post-thumbnail","hentry"],"acf":[],"yoast_head":"<!-- This site is optimized with the Yoast SEO plugin v26.3 - https:\/\/yoast.com\/wordpress\/plugins\/seo\/ -->\n<title>SYNLAB - Quels documents \u00e0 apporter pour mes analyses ?<\/title>\n<meta name=\"description\" content=\"SYNLAB vous accompagne dans votre parcours patient, en vous aidant \u00e0 pr\u00e9parer votre visite, que vous soyez seul ou accompagn\u00e9 par votre enfant.\" \/>\n<meta name=\"robots\" content=\"noindex, follow, max-snippet:-1, max-image-preview:large, max-video-preview:-1\" \/>\n<meta property=\"og:locale\" content=\"fr_FR\" \/>\n<meta property=\"og:type\" content=\"article\" \/>\n<meta property=\"og:title\" content=\"SYNLAB - Quels documents \u00e0 apporter pour mes analyses ?\" \/>\n<meta property=\"og:description\" content=\"SYNLAB vous accompagne dans votre parcours patient, en vous aidant \u00e0 pr\u00e9parer votre visite, que vous soyez seul ou accompagn\u00e9 par votre enfant.\" \/>\n<meta property=\"og:url\" content=\"https:\/\/www.synlab.fr\/clone\/synlab-nouvelle-aquitaine\/patient\/avant-de-venir\/\" \/>\n<meta property=\"og:site_name\" content=\"Synlab Nouvelle-Aquitaine\" \/>\n<meta property=\"article:modified_time\" content=\"2023-06-29T12:46:35+00:00\" \/>\n<meta property=\"og:image\" content=\"https:\/\/www.synlab.fr\/clone\/synlab-nouvelle-aquitaine\/wp-content\/uploads\/sites\/45\/2022\/09\/scott-graham-OQMZwNd3ThU-unsplash-1.jpg\" \/>\n\t<meta property=\"og:image:width\" content=\"374\" \/>\n\t<meta property=\"og:image:height\" content=\"250\" \/>\n\t<meta property=\"og:image:type\" content=\"image\/jpeg\" \/>\n<meta name=\"twitter:card\" content=\"summary_large_image\" \/>\n<script type=\"application\/ld+json\" class=\"yoast-schema-graph\">{\"@context\":\"https:\/\/schema.org\",\"@graph\":[{\"@type\":\"WebPage\",\"@id\":\"https:\/\/www.synlab.fr\/clone\/synlab-nouvelle-aquitaine\/patient\/avant-de-venir\/\",\"url\":\"https:\/\/www.synlab.fr\/clone\/synlab-nouvelle-aquitaine\/patient\/avant-de-venir\/\",\"name\":\"SYNLAB - Quels documents \u00e0 apporter pour mes analyses ?\",\"isPartOf\":{\"@id\":\"https:\/\/www.synlab.fr\/synlab-nouvelle-aquitaine\/#website\"},\"primaryImageOfPage\":{\"@id\":\"https:\/\/www.synlab.fr\/clone\/synlab-nouvelle-aquitaine\/patient\/avant-de-venir\/#primaryimage\"},\"image\":{\"@id\":\"https:\/\/www.synlab.fr\/clone\/synlab-nouvelle-aquitaine\/patient\/avant-de-venir\/#primaryimage\"},\"thumbnailUrl\":\"https:\/\/www.synlab.fr\/synlab-nouvelle-aquitaine\/wp-content\/uploads\/sites\/45\/2022\/09\/scott-graham-OQMZwNd3ThU-unsplash-1.jpg\",\"datePublished\":\"2022-08-22T09:35:47+00:00\",\"dateModified\":\"2023-06-29T12:46:35+00:00\",\"description\":\"SYNLAB vous accompagne dans votre parcours patient, en vous aidant \u00e0 pr\u00e9parer votre visite, que vous soyez seul ou accompagn\u00e9 par votre enfant.\",\"breadcrumb\":{\"@id\":\"https:\/\/www.synlab.fr\/clone\/synlab-nouvelle-aquitaine\/patient\/avant-de-venir\/#breadcrumb\"},\"inLanguage\":\"fr-FR\",\"potentialAction\":[{\"@type\":\"ReadAction\",\"target\":[\"https:\/\/www.synlab.fr\/clone\/synlab-nouvelle-aquitaine\/patient\/avant-de-venir\/\"]}]},{\"@type\":\"ImageObject\",\"inLanguage\":\"fr-FR\",\"@id\":\"https:\/\/www.synlab.fr\/clone\/synlab-nouvelle-aquitaine\/patient\/avant-de-venir\/#primaryimage\",\"url\":\"https:\/\/www.synlab.fr\/synlab-nouvelle-aquitaine\/wp-content\/uploads\/sites\/45\/2022\/09\/scott-graham-OQMZwNd3ThU-unsplash-1.jpg\",\"contentUrl\":\"https:\/\/www.synlab.fr\/synlab-nouvelle-aquitaine\/wp-content\/uploads\/sites\/45\/2022\/09\/scott-graham-OQMZwNd3ThU-unsplash-1.jpg\",\"width\":374,\"height\":250,\"caption\":\"un homme qui remplit des documents administratifs\"},{\"@type\":\"BreadcrumbList\",\"@id\":\"https:\/\/www.synlab.fr\/clone\/synlab-nouvelle-aquitaine\/patient\/avant-de-venir\/#breadcrumb\",\"itemListElement\":[{\"@type\":\"ListItem\",\"position\":1,\"name\":\"Home\",\"item\":\"https:\/\/www.synlab.fr\/synlab-nouvelle-aquitaine\/\"},{\"@type\":\"ListItem\",\"position\":2,\"name\":\"Espace patient\",\"item\":\"https:\/\/www.synlab.fr\/clone\/synlab-nouvelle-aquitaine\/patient\/\"},{\"@type\":\"ListItem\",\"position\":3,\"name\":\"Avant de venir\"}]},{\"@type\":\"WebSite\",\"@id\":\"https:\/\/www.synlab.fr\/synlab-nouvelle-aquitaine\/#website\",\"url\":\"https:\/\/www.synlab.fr\/synlab-nouvelle-aquitaine\/\",\"name\":\"Synlab Nouvelle-Aquitaine\",\"description\":\"Un site utilisant Synlab\",\"potentialAction\":[{\"@type\":\"SearchAction\",\"target\":{\"@type\":\"EntryPoint\",\"urlTemplate\":\"https:\/\/www.synlab.fr\/synlab-nouvelle-aquitaine\/?s={search_term_string}\"},\"query-input\":{\"@type\":\"PropertyValueSpecification\",\"valueRequired\":true,\"valueName\":\"search_term_string\"}}],\"inLanguage\":\"fr-FR\"}]}<\/script>\n<!-- \/ Yoast SEO plugin. -->","yoast_head_json":{"title":"SYNLAB - Quels documents \u00e0 apporter pour mes analyses ?","description":"SYNLAB vous accompagne dans votre parcours patient, en vous aidant \u00e0 pr\u00e9parer votre visite, que vous soyez seul ou accompagn\u00e9 par votre enfant.","robots":{"index":"noindex","follow":"follow","max-snippet":"max-snippet:-1","max-image-preview":"max-image-preview:large","max-video-preview":"max-video-preview:-1"},"og_locale":"fr_FR","og_type":"article","og_title":"SYNLAB - Quels documents \u00e0 apporter pour mes analyses ?","og_description":"SYNLAB vous accompagne dans votre parcours patient, en vous aidant \u00e0 pr\u00e9parer votre visite, que vous soyez seul ou accompagn\u00e9 par votre enfant.","og_url":"https:\/\/www.synlab.fr\/clone\/synlab-nouvelle-aquitaine\/patient\/avant-de-venir\/","og_site_name":"Synlab Nouvelle-Aquitaine","article_modified_time":"2023-06-29T12:46:35+00:00","og_image":[{"width":374,"height":250,"url":"https:\/\/www.synlab.fr\/clone\/synlab-nouvelle-aquitaine\/wp-content\/uploads\/sites\/45\/2022\/09\/scott-graham-OQMZwNd3ThU-unsplash-1.jpg","type":"image\/jpeg"}],"twitter_card":"summary_large_image","schema":{"@context":"https:\/\/schema.org","@graph":[{"@type":"WebPage","@id":"https:\/\/www.synlab.fr\/clone\/synlab-nouvelle-aquitaine\/patient\/avant-de-venir\/","url":"https:\/\/www.synlab.fr\/clone\/synlab-nouvelle-aquitaine\/patient\/avant-de-venir\/","name":"SYNLAB - Quels documents \u00e0 apporter pour mes analyses ?","isPartOf":{"@id":"https:\/\/www.synlab.fr\/synlab-nouvelle-aquitaine\/#website"},"primaryImageOfPage":{"@id":"https:\/\/www.synlab.fr\/clone\/synlab-nouvelle-aquitaine\/patient\/avant-de-venir\/#primaryimage"},"image":{"@id":"https:\/\/www.synlab.fr\/clone\/synlab-nouvelle-aquitaine\/patient\/avant-de-venir\/#primaryimage"},"thumbnailUrl":"https:\/\/www.synlab.fr\/synlab-nouvelle-aquitaine\/wp-content\/uploads\/sites\/45\/2022\/09\/scott-graham-OQMZwNd3ThU-unsplash-1.jpg","datePublished":"2022-08-22T09:35:47+00:00","dateModified":"2023-06-29T12:46:35+00:00","description":"SYNLAB vous accompagne dans votre parcours patient, en vous aidant \u00e0 pr\u00e9parer votre visite, que vous soyez seul ou accompagn\u00e9 par votre enfant.","breadcrumb":{"@id":"https:\/\/www.synlab.fr\/clone\/synlab-nouvelle-aquitaine\/patient\/avant-de-venir\/#breadcrumb"},"inLanguage":"fr-FR","potentialAction":[{"@type":"ReadAction","target":["https:\/\/www.synlab.fr\/clone\/synlab-nouvelle-aquitaine\/patient\/avant-de-venir\/"]}]},{"@type":"ImageObject","inLanguage":"fr-FR","@id":"https:\/\/www.synlab.fr\/clone\/synlab-nouvelle-aquitaine\/patient\/avant-de-venir\/#primaryimage","url":"https:\/\/www.synlab.fr\/synlab-nouvelle-aquitaine\/wp-content\/uploads\/sites\/45\/2022\/09\/scott-graham-OQMZwNd3ThU-unsplash-1.jpg","contentUrl":"https:\/\/www.synlab.fr\/synlab-nouvelle-aquitaine\/wp-content\/uploads\/sites\/45\/2022\/09\/scott-graham-OQMZwNd3ThU-unsplash-1.jpg","width":374,"height":250,"caption":"un homme qui remplit des documents administratifs"},{"@type":"BreadcrumbList","@id":"https:\/\/www.synlab.fr\/clone\/synlab-nouvelle-aquitaine\/patient\/avant-de-venir\/#breadcrumb","itemListElement":[{"@type":"ListItem","position":1,"name":"Home","item":"https:\/\/www.synlab.fr\/synlab-nouvelle-aquitaine\/"},{"@type":"ListItem","position":2,"name":"Espace patient","item":"https:\/\/www.synlab.fr\/clone\/synlab-nouvelle-aquitaine\/patient\/"},{"@type":"ListItem","position":3,"name":"Avant de venir"}]},{"@type":"WebSite","@id":"https:\/\/www.synlab.fr\/synlab-nouvelle-aquitaine\/#website","url":"https:\/\/www.synlab.fr\/synlab-nouvelle-aquitaine\/","name":"Synlab Nouvelle-Aquitaine","description":"Un site utilisant Synlab","potentialAction":[{"@type":"SearchAction","target":{"@type":"EntryPoint","urlTemplate":"https:\/\/www.synlab.fr\/synlab-nouvelle-aquitaine\/?s={search_term_string}"},"query-input":{"@type":"PropertyValueSpecification","valueRequired":true,"valueName":"search_term_string"}}],"inLanguage":"fr-FR"}]}},"_links":{"self":[{"href":"https:\/\/www.synlab.fr\/synlab-nouvelle-aquitaine\/wp-json\/wp\/v2\/pages\/1270","targetHints":{"allow":["GET"]}}],"collection":[{"href":"https:\/\/www.synlab.fr\/synlab-nouvelle-aquitaine\/wp-json\/wp\/v2\/pages"}],"about":[{"href":"https:\/\/www.synlab.fr\/synlab-nouvelle-aquitaine\/wp-json\/wp\/v2\/types\/page"}],"author":[{"embeddable":true,"href":"https:\/\/www.synlab.fr\/synlab-nouvelle-aquitaine\/wp-json\/wp\/v2\/users\/13"}],"replies":[{"embeddable":true,"href":"https:\/\/www.synlab.fr\/synlab-nouvelle-aquitaine\/wp-json\/wp\/v2\/comments?post=1270"}],"version-history":[{"count":93,"href":"https:\/\/www.synlab.fr\/synlab-nouvelle-aquitaine\/wp-json\/wp\/v2\/pages\/1270\/revisions"}],"predecessor-version":[{"id":6122,"href":"https:\/\/www.synlab.fr\/synlab-nouvelle-aquitaine\/wp-json\/wp\/v2\/pages\/1270\/revisions\/6122"}],"up":[{"embeddable":true,"href":"https:\/\/www.synlab.fr\/synlab-nouvelle-aquitaine\/wp-json\/wp\/v2\/pages\/18"}],"wp:featuredmedia":[{"embeddable":true,"href":"https:\/\/www.synlab.fr\/synlab-nouvelle-aquitaine\/wp-json\/wp\/v2\/media\/3114"}],"wp:attachment":[{"href":"https:\/\/www.synlab.fr\/synlab-nouvelle-aquitaine\/wp-json\/wp\/v2\/media?parent=1270"}],"curies":[{"name":"wp","href":"https:\/\/api.w.org\/{rel}","templated":true}]}}