{"id":183,"date":"2022-05-05T13:23:34","date_gmt":"2022-05-05T11:23:34","guid":{"rendered":"https:\/\/www.synlab.fr\/aix-en-provence\/?page_id=183"},"modified":"2023-10-09T15:56:31","modified_gmt":"2023-10-09T13:56:31","slug":"nous-contacter","status":"publish","type":"page","link":"https:\/\/www.synlab.fr\/synlab-nouvelle-aquitaine\/nous-contacter\/","title":{"rendered":"Nous contacter"},"content":{"rendered":"<div class=\"container block-texte_image\">\n\n\t\t\t<div class=\"block-texte_image-contenu order-1\" style=\"--widthContenu:100%\">\n\t\t\t\t\t\t<article><div class=\"wpforms-container wpforms-container-full\" id=\"wpforms-6163\"><form id=\"wpforms-form-6163\" class=\"wpforms-validate wpforms-form wpforms-ajax-form\" data-formid=\"6163\" method=\"post\" enctype=\"multipart\/form-data\" action=\"\/synlab-nouvelle-aquitaine\/wp-json\/wp\/v2\/pages\/183?wpforms_form_id=6163\" data-token=\"c9a81489a1982c4f1fc6aae554768e73\" data-token-time=\"1775238693\"><noscript class=\"wpforms-error-noscript\">Veuillez activer JavaScript dans votre navigateur pour remplir ce formulaire.<\/noscript><div class=\"wpforms-field-container\"><div id=\"wpforms-6163-field_17-container\" class=\"wpforms-field wpforms-field-layout\" data-field-id=\"17\"><label class=\"wpforms-field-label wpforms-label-hide\">Layout<\/label><div class=\"wpforms-field-layout-columns wpforms-field-layout-preset-50-50\"><div class=\"wpforms-layout-column wpforms-layout-column-50\" ><div id=\"wpforms-6163-field_1-container\" class=\"wpforms-field wpforms-field-select wpforms-field-select-style-classic\" data-field-id=\"1\"><label class=\"wpforms-field-label\" for=\"wpforms-6163-field_1\">Je suis <span class=\"wpforms-required-label\">*<\/span><\/label><select id=\"wpforms-6163-field_1\" class=\"wpforms-field-medium wpforms-field-required\" name=\"wpforms[fields][1]\" required=\"required\"><option value=\"Patient\" >Patient<\/option><option value=\"Professionnel de sant\u00e9\" >Professionnel de sant\u00e9<\/option><\/select><\/div><div id=\"wpforms-6163-field_2-container\" class=\"wpforms-field wpforms-field-radio wpforms-list-inline\" data-field-id=\"2\"><label class=\"wpforms-field-label\" for=\"wpforms-6163-field_2\">Civilit\u00e9 <span class=\"wpforms-required-label\">*<\/span><\/label><ul id=\"wpforms-6163-field_2\" class=\"wpforms-field-required\"><li class=\"choice-1 depth-1\"><input type=\"radio\" id=\"wpforms-6163-field_2_1\" name=\"wpforms[fields][2]\" value=\"Mme\" required ><label class=\"wpforms-field-label-inline\" for=\"wpforms-6163-field_2_1\">Mme<\/label><\/li><li class=\"choice-2 depth-1\"><input type=\"radio\" id=\"wpforms-6163-field_2_2\" name=\"wpforms[fields][2]\" value=\"M.\" required ><label class=\"wpforms-field-label-inline\" for=\"wpforms-6163-field_2_2\">M.<\/label><\/li><\/ul><\/div><div id=\"wpforms-6163-field_4-container\" class=\"wpforms-field wpforms-field-text\" data-field-id=\"4\"><label class=\"wpforms-field-label\" for=\"wpforms-6163-field_4\">Nom <span class=\"wpforms-required-label\">*<\/span><\/label><input type=\"text\" id=\"wpforms-6163-field_4\" class=\"wpforms-field-medium wpforms-field-required\" name=\"wpforms[fields][4]\" required><\/div><div id=\"wpforms-6163-field_5-container\" class=\"wpforms-field wpforms-field-text\" data-field-id=\"5\"><label class=\"wpforms-field-label\" for=\"wpforms-6163-field_5\">Pr\u00e9nom <span class=\"wpforms-required-label\">*<\/span><\/label><input type=\"text\" id=\"wpforms-6163-field_5\" class=\"wpforms-field-medium wpforms-field-required\" name=\"wpforms[fields][5]\" required><\/div><div id=\"wpforms-6163-field_9-container\" class=\"wpforms-field wpforms-field-phone\" data-field-id=\"9\"><label class=\"wpforms-field-label\" for=\"wpforms-6163-field_9\">T\u00e9l\u00e9phone <span class=\"wpforms-required-label\">*<\/span><\/label><input type=\"tel\" id=\"wpforms-6163-field_9\" class=\"wpforms-field-medium wpforms-field-required wpforms-smart-phone-field\" data-rule-smart-phone-field=\"true\" name=\"wpforms[fields][9]\" required><\/div><div id=\"wpforms-6163-field_10-container\" class=\"wpforms-field wpforms-field-email\" data-field-id=\"10\"><label class=\"wpforms-field-label\" for=\"wpforms-6163-field_10\">Email <span class=\"wpforms-required-label\">*<\/span><\/label><input type=\"email\" id=\"wpforms-6163-field_10\" class=\"wpforms-field-medium wpforms-field-required\" name=\"wpforms[fields][10]\" spellcheck=\"false\" required><\/div><\/div><div class=\"wpforms-layout-column wpforms-layout-column-50\" ><div id=\"wpforms-6163-field_12-container\" class=\"wpforms-field wpforms-field-textarea\" data-field-id=\"12\"><label class=\"wpforms-field-label\" for=\"wpforms-6163-field_12\">Adresse<\/label><textarea id=\"wpforms-6163-field_12\" class=\"wpforms-field-medium\" name=\"wpforms[fields][12]\" ><\/textarea><\/div><div id=\"wpforms-6163-field_13-container\" class=\"wpforms-field wpforms-field-text\" data-field-id=\"13\"><label class=\"wpforms-field-label\" for=\"wpforms-6163-field_13\">Ville<\/label><input type=\"text\" id=\"wpforms-6163-field_13\" class=\"wpforms-field-medium\" name=\"wpforms[fields][13]\" ><\/div><div id=\"wpforms-6163-field_30-container\" class=\"wpforms-field wpforms-field-number\" data-field-id=\"30\"><label class=\"wpforms-field-label\" for=\"wpforms-6163-field_30\">Code Postal<\/label><input type=\"number\" id=\"wpforms-6163-field_30\" class=\"wpforms-field-medium\" name=\"wpforms[fields][30]\" ><\/div><div id=\"wpforms-6163-field_15-container\" class=\"wpforms-field wpforms-field-select wpforms-field-select-style-classic\" data-field-id=\"15\"><label class=\"wpforms-field-label\" for=\"wpforms-6163-field_15\">Pays<\/label><select id=\"wpforms-6163-field_15\" class=\"wpforms-field-medium\" name=\"wpforms[fields][15]\"><option value=\"3 choix\" >3 choix<\/option><option value=\"France\" >France<\/option><option value=\"Suisse\" >Suisse<\/option><\/select><\/div><div id=\"wpforms-6163-field_18-container\" class=\"wpforms-field wpforms-field-file-upload\" data-field-id=\"18\"><label class=\"wpforms-field-label\" for=\"wpforms-6163-field_18\">Pi\u00e8ce jointe<\/label><input type=\"file\" id=\"wpforms-6163-field_18\" data-rule-extension=\"jpg,jpeg,jpe,png,gif,webp,mov,qt,avif,avi,mpeg,mpg,mpe,3gp,3gpp,3g2,3gp2,mid,midi,pdf,doc,docx,docm,pot,pps,ppt,pptx,pptm,odt,ppsx,ppsm,xla,xls,xlt,xlw,xlsx,xlsm,xlsb,key,mp3,m4a,m4b,ogg,oga,flac,wav,x-wav,mp4,m4v,webm,ogv,svg\" data-rule-maxsize=\"1536000\" name=\"wpforms_6163_18\" accept=\".jpg,.jpeg,.jpe,.png,.gif,.webp,.mov,.qt,.avif,.avi,.mpeg,.mpg,.mpe,.3gp,.3gpp,.3g2,.3gp2,.mid,.midi,.pdf,.doc,.docx,.docm,.pot,.pps,.ppt,.pptx,.pptm,.odt,.ppsx,.ppsm,.xla,.xls,.xlt,.xlw,.xlsx,.xlsm,.xlsb,.key,.mp3,.m4a,.m4b,.ogg,.oga,.flac,.wav,.x-wav,.mp4,.m4v,.webm,.ogv,.svg\" ><\/div><\/div><\/div><\/div><div id=\"wpforms-6163-field_20-container\" class=\"wpforms-field wpforms-field-select wpforms-field-select-style-classic\" data-field-id=\"20\"><label class=\"wpforms-field-label\" for=\"wpforms-6163-field_20\">Laboratoire <span class=\"wpforms-required-label\">*<\/span><\/label><select id=\"wpforms-6163-field_20\" class=\"wpforms-field-large wpforms-field-required\" name=\"wpforms[fields][20]\" required=\"required\"><option value=\"41 choix\" >41 choix<\/option><option value=\"Andernos-les-Bains\" >Andernos-les-Bains<\/option><option value=\"Arcachon\" >Arcachon<\/option><option value=\"Ar\u00e8s\" >Ar\u00e8s<\/option><option value=\"Argentat-Planet\" >Argentat-Planet<\/option><option value=\"Audenge\" >Audenge<\/option><option value=\"Bergerac\" >Bergerac<\/option><option value=\"Biganos\" >Biganos<\/option><option value=\"Blanquefort\" >Blanquefort<\/option><option value=\"Bordeaux Bacalan\" >Bordeaux Bacalan<\/option><option value=\"Bordeaux Barri\u00e8re de Toulouse\" >Bordeaux Barri\u00e8re de Toulouse<\/option><option value=\"Bordeaux Chartrons\" >Bordeaux Chartrons<\/option><option value=\"Brive - Boutot\" >Brive &#8211; Boutot<\/option><option value=\"Brive - Parveaux\" >Brive &#8211; Parveaux<\/option><option value=\"Brive Les C\u00e8dres\" >Brive Les C\u00e8dres<\/option><option value=\"Capeyron\" >Capeyron<\/option><option value=\"Castelnau-de-M\u00e9doc\" >Castelnau-de-M\u00e9doc<\/option><option value=\"Castillon\" >Castillon<\/option><option value=\"Cauderan\" >Cauderan<\/option><option value=\"Cenon\" >Cenon<\/option><option value=\"Gradignan\" >Gradignan<\/option><option value=\"La R\u00e9ole\" >La R\u00e9ole<\/option><option value=\"Lacanau\" >Lacanau<\/option><option value=\"Langon\" >Langon<\/option><option value=\"Le Taillant-M\u00e9doc\" >Le Taillant-M\u00e9doc<\/option><option value=\"Libourne\" >Libourne<\/option><option value=\"M\u00e9rignac - Clinique du sport\" >M\u00e9rignac &#8211; Clinique du sport<\/option><option value=\"Montpon\" >Montpon<\/option><option value=\"Parempuyre\" >Parempuyre<\/option><option value=\"Pessac\" >Pessac<\/option><option value=\"Pessac - Saige\" >Pessac &#8211; Saige<\/option><option value=\"Pian M\u00e9doc\" >Pian M\u00e9doc<\/option><option value=\"Raba L\u00e9on\" >Raba L\u00e9on<\/option><option value=\"Saint Sernin\" >Saint Sernin<\/option><option value=\"Saint-M\u00e9dard-en-Jalles\" >Saint-M\u00e9dard-en-Jalles<\/option><option value=\"Talence Gambetta\" >Talence Gambetta<\/option><option value=\"Talence Pacaris\" >Talence Pacaris<\/option><option value=\"Tulle\" >Tulle<\/option><option value=\"Villenave d&#039;Ornon\" >Villenave d&#039;Ornon<\/option><\/select><\/div><div id=\"wpforms-6163-field_21-container\" class=\"wpforms-field wpforms-field-select wpforms-field-select-style-classic\" data-field-id=\"21\"><label class=\"wpforms-field-label\" for=\"wpforms-6163-field_21\">Sujet <span class=\"wpforms-required-label\">*<\/span><\/label><select id=\"wpforms-6163-field_21\" class=\"wpforms-field-large wpforms-field-required\" name=\"wpforms[fields][21]\" required=\"required\"><option value=\"10 choix\" >10 choix<\/option><option value=\"Obtenir mes r\u00e9sultats d&#039;analyse\" >Obtenir mes r\u00e9sultats d&#039;analyse<\/option><option value=\"Prendre RDV pour un test RT-PCR\" >Prendre RDV pour un test RT-PCR<\/option><option value=\"Probl\u00e8me de connexion \u00e0 MYSYNLAB\" >Probl\u00e8me de connexion \u00e0 MYSYNLAB<\/option><option value=\"Analyse r\u00e9alis\u00e9e \u00e0 l&#039;\u00e9tranger\" >Analyse r\u00e9alis\u00e9e \u00e0 l&#039;\u00e9tranger<\/option><option value=\"Obtenir mon identifiant patient\" >Obtenir mon identifiant patient<\/option><option value=\"Prendre RDV pour une autre analyse\" >Prendre RDV pour une autre analyse<\/option><option value=\"J&#039;ai une question sur le pass sanitaire\" >J&#039;ai une question sur le pass sanitaire<\/option><option value=\"Autre\" >Autre<\/option><\/select><\/div><div id=\"wpforms-6163-field_22-container\" class=\"wpforms-field wpforms-field-textarea\" data-field-id=\"22\"><label class=\"wpforms-field-label\" for=\"wpforms-6163-field_22\">Message <span class=\"wpforms-required-label\">*<\/span><\/label><textarea id=\"wpforms-6163-field_22\" class=\"wpforms-field-medium wpforms-field-required\" name=\"wpforms[fields][22]\" required><\/textarea><\/div><div id=\"wpforms-6163-field_31-container\" class=\"wpforms-field wpforms-field-checkbox\" data-field-id=\"31\"><label class=\"wpforms-field-label wpforms-label-hide\" for=\"wpforms-6163-field_31\">Termes et conditions <span class=\"wpforms-required-label\">*<\/span><\/label><ul id=\"wpforms-6163-field_31\" class=\"wpforms-field-required\"><li class=\"choice-1 depth-1\"><input type=\"checkbox\" id=\"wpforms-6163-field_31_1\" name=\"wpforms[fields][31][]\" value=\"J&#039;accepte les termes et conditions de SYNLAB. &lt;a href=&quot;https:\/\/www.synlab.fr\/site-test\/politique-protection-des-donnees\/&quot;&gt;(en savoir plus)&lt;\/a&gt; *\" required ><label class=\"wpforms-field-label-inline\" for=\"wpforms-6163-field_31_1\">J&rsquo;accepte les termes et conditions de SYNLAB. <a href=\"https:\/\/www.synlab.fr\/site-test\/politique-protection-des-donnees\/\">(en savoir plus)<\/a> *<\/label><\/li><\/ul><\/div><\/div><!-- .wpforms-field-container --><div class=\"wpforms-recaptcha-container wpforms-is-recaptcha wpforms-is-recaptcha-type-v3\" ><input type=\"hidden\" name=\"wpforms[recaptcha]\" value=\"\"><\/div><div class=\"wpforms-submit-container\" ><input type=\"hidden\" name=\"wpforms[id]\" value=\"6163\"><input type=\"hidden\" name=\"page_title\" value=\"\"><input type=\"hidden\" name=\"page_url\" value=\"https:\/\/www.synlab.fr\/synlab-nouvelle-aquitaine\/wp-json\/wp\/v2\/pages\/183\"><button type=\"submit\" name=\"wpforms[submit]\" id=\"wpforms-submit-6163\" class=\"wpforms-submit\" data-alt-text=\"Envoi...\" data-submit-text=\"Envoyer\" aria-live=\"assertive\" value=\"wpforms-submit\">Envoyer<\/button><img loading=\"lazy\" decoding=\"async\" src=\"https:\/\/www.synlab.fr\/synlab-nouvelle-aquitaine\/wp-content\/plugins\/wpforms\/assets\/images\/submit-spin.svg\" class=\"wpforms-submit-spinner\" style=\"display: none;\" width=\"26\" height=\"26\" alt=\"Chargement en cours\"><\/div><\/form><\/div>  <!-- .wpforms-container -->\n<\/article>\t\t\t\t\t\t\n\t\t\t\t\t<\/div>\n\t\n\t\n\t\t\n<\/div>\n\n\n\n\n\t\n\t\n","protected":false},"excerpt":{"rendered":"","protected":false},"author":1,"featured_media":3671,"parent":0,"menu_order":0,"comment_status":"closed","ping_status":"closed","template":"","meta":{"_acf_changed":false,"footnotes":""},"class_list":["post-183","page","type-page","status-publish","has-post-thumbnail","hentry"],"acf":[],"yoast_head":"<!-- This site is optimized with the Yoast SEO plugin v26.3 - https:\/\/yoast.com\/wordpress\/plugins\/seo\/ -->\n<title>SYNLAB Provence - Espace patient - Nous contacter<\/title>\n<meta name=\"description\" content=\"SYNLAB Provence reste toujours \u00e0 l&#039;\u00e9coute de ses patients, avant et apr\u00e8s leur arriv\u00e9e dans nos laboratoires. Si vous avez besoin d&#039;informations pour pr\u00e9parer votre rendez-vous, n&#039;h\u00e9sitez pas \u00e0 nous contacter.\" \/>\n<meta name=\"robots\" content=\"noindex, follow, max-snippet:-1, max-image-preview:large, max-video-preview:-1\" \/>\n<meta property=\"og:locale\" content=\"fr_FR\" \/>\n<meta property=\"og:type\" content=\"article\" \/>\n<meta property=\"og:title\" content=\"SYNLAB Provence - Espace patient - Nous contacter\" \/>\n<meta property=\"og:description\" content=\"SYNLAB Provence reste toujours \u00e0 l&#039;\u00e9coute de ses patients, avant et apr\u00e8s leur arriv\u00e9e dans nos laboratoires. Si vous avez besoin d&#039;informations pour pr\u00e9parer votre rendez-vous, n&#039;h\u00e9sitez pas \u00e0 nous contacter.\" \/>\n<meta property=\"og:url\" content=\"https:\/\/www.synlab.fr\/synlab-nouvelle-aquitaine\/nous-contacter\/\" \/>\n<meta property=\"og:site_name\" content=\"Synlab Nouvelle-Aquitaine\" \/>\n<meta property=\"article:modified_time\" content=\"2023-10-09T13:56:31+00:00\" \/>\n<meta property=\"og:image\" content=\"https:\/\/www.synlab.fr\/synlab-nouvelle-aquitaine\/wp-content\/uploads\/sites\/45\/2022\/10\/logo-synlab.png\" \/>\n\t<meta property=\"og:image:width\" content=\"1278\" \/>\n\t<meta property=\"og:image:height\" content=\"717\" \/>\n\t<meta property=\"og:image:type\" content=\"image\/png\" \/>\n<meta name=\"twitter:card\" content=\"summary_large_image\" \/>\n<script type=\"application\/ld+json\" class=\"yoast-schema-graph\">{\"@context\":\"https:\/\/schema.org\",\"@graph\":[{\"@type\":\"WebPage\",\"@id\":\"https:\/\/www.synlab.fr\/synlab-nouvelle-aquitaine\/nous-contacter\/\",\"url\":\"https:\/\/www.synlab.fr\/synlab-nouvelle-aquitaine\/nous-contacter\/\",\"name\":\"SYNLAB Provence - Espace patient - Nous contacter\",\"isPartOf\":{\"@id\":\"https:\/\/www.synlab.fr\/synlab-nouvelle-aquitaine\/#website\"},\"primaryImageOfPage\":{\"@id\":\"https:\/\/www.synlab.fr\/synlab-nouvelle-aquitaine\/nous-contacter\/#primaryimage\"},\"image\":{\"@id\":\"https:\/\/www.synlab.fr\/synlab-nouvelle-aquitaine\/nous-contacter\/#primaryimage\"},\"thumbnailUrl\":\"https:\/\/www.synlab.fr\/synlab-nouvelle-aquitaine\/wp-content\/uploads\/sites\/45\/2022\/10\/logo-synlab.png\",\"datePublished\":\"2022-05-05T11:23:34+00:00\",\"dateModified\":\"2023-10-09T13:56:31+00:00\",\"description\":\"SYNLAB Provence reste toujours \u00e0 l'\u00e9coute de ses patients, avant et apr\u00e8s leur arriv\u00e9e dans nos laboratoires. Si vous avez besoin d'informations pour pr\u00e9parer votre rendez-vous, n'h\u00e9sitez pas \u00e0 nous contacter.\",\"breadcrumb\":{\"@id\":\"https:\/\/www.synlab.fr\/synlab-nouvelle-aquitaine\/nous-contacter\/#breadcrumb\"},\"inLanguage\":\"fr-FR\",\"potentialAction\":[{\"@type\":\"ReadAction\",\"target\":[\"https:\/\/www.synlab.fr\/synlab-nouvelle-aquitaine\/nous-contacter\/\"]}]},{\"@type\":\"ImageObject\",\"inLanguage\":\"fr-FR\",\"@id\":\"https:\/\/www.synlab.fr\/synlab-nouvelle-aquitaine\/nous-contacter\/#primaryimage\",\"url\":\"https:\/\/www.synlab.fr\/synlab-nouvelle-aquitaine\/wp-content\/uploads\/sites\/45\/2022\/10\/logo-synlab.png\",\"contentUrl\":\"https:\/\/www.synlab.fr\/synlab-nouvelle-aquitaine\/wp-content\/uploads\/sites\/45\/2022\/10\/logo-synlab.png\",\"width\":1278,\"height\":717,\"caption\":\"Logo bleu SYNLAB\"},{\"@type\":\"BreadcrumbList\",\"@id\":\"https:\/\/www.synlab.fr\/synlab-nouvelle-aquitaine\/nous-contacter\/#breadcrumb\",\"itemListElement\":[{\"@type\":\"ListItem\",\"position\":1,\"name\":\"Home\",\"item\":\"https:\/\/www.synlab.fr\/synlab-nouvelle-aquitaine\/\"},{\"@type\":\"ListItem\",\"position\":2,\"name\":\"Nous contacter\"}]},{\"@type\":\"WebSite\",\"@id\":\"https:\/\/www.synlab.fr\/synlab-nouvelle-aquitaine\/#website\",\"url\":\"https:\/\/www.synlab.fr\/synlab-nouvelle-aquitaine\/\",\"name\":\"Synlab Nouvelle-Aquitaine\",\"description\":\"Un site utilisant Synlab\",\"potentialAction\":[{\"@type\":\"SearchAction\",\"target\":{\"@type\":\"EntryPoint\",\"urlTemplate\":\"https:\/\/www.synlab.fr\/synlab-nouvelle-aquitaine\/?s={search_term_string}\"},\"query-input\":{\"@type\":\"PropertyValueSpecification\",\"valueRequired\":true,\"valueName\":\"search_term_string\"}}],\"inLanguage\":\"fr-FR\"}]}<\/script>\n<!-- \/ Yoast SEO plugin. -->","yoast_head_json":{"title":"SYNLAB Provence - Espace patient - Nous contacter","description":"SYNLAB Provence reste toujours \u00e0 l'\u00e9coute de ses patients, avant et apr\u00e8s leur arriv\u00e9e dans nos laboratoires. Si vous avez besoin d'informations pour pr\u00e9parer votre rendez-vous, n'h\u00e9sitez pas \u00e0 nous contacter.","robots":{"index":"noindex","follow":"follow","max-snippet":"max-snippet:-1","max-image-preview":"max-image-preview:large","max-video-preview":"max-video-preview:-1"},"og_locale":"fr_FR","og_type":"article","og_title":"SYNLAB Provence - Espace patient - Nous contacter","og_description":"SYNLAB Provence reste toujours \u00e0 l'\u00e9coute de ses patients, avant et apr\u00e8s leur arriv\u00e9e dans nos laboratoires. Si vous avez besoin d'informations pour pr\u00e9parer votre rendez-vous, n'h\u00e9sitez pas \u00e0 nous contacter.","og_url":"https:\/\/www.synlab.fr\/synlab-nouvelle-aquitaine\/nous-contacter\/","og_site_name":"Synlab Nouvelle-Aquitaine","article_modified_time":"2023-10-09T13:56:31+00:00","og_image":[{"width":1278,"height":717,"url":"https:\/\/www.synlab.fr\/synlab-nouvelle-aquitaine\/wp-content\/uploads\/sites\/45\/2022\/10\/logo-synlab.png","type":"image\/png"}],"twitter_card":"summary_large_image","schema":{"@context":"https:\/\/schema.org","@graph":[{"@type":"WebPage","@id":"https:\/\/www.synlab.fr\/synlab-nouvelle-aquitaine\/nous-contacter\/","url":"https:\/\/www.synlab.fr\/synlab-nouvelle-aquitaine\/nous-contacter\/","name":"SYNLAB Provence - Espace patient - Nous contacter","isPartOf":{"@id":"https:\/\/www.synlab.fr\/synlab-nouvelle-aquitaine\/#website"},"primaryImageOfPage":{"@id":"https:\/\/www.synlab.fr\/synlab-nouvelle-aquitaine\/nous-contacter\/#primaryimage"},"image":{"@id":"https:\/\/www.synlab.fr\/synlab-nouvelle-aquitaine\/nous-contacter\/#primaryimage"},"thumbnailUrl":"https:\/\/www.synlab.fr\/synlab-nouvelle-aquitaine\/wp-content\/uploads\/sites\/45\/2022\/10\/logo-synlab.png","datePublished":"2022-05-05T11:23:34+00:00","dateModified":"2023-10-09T13:56:31+00:00","description":"SYNLAB Provence reste toujours \u00e0 l'\u00e9coute de ses patients, avant et apr\u00e8s leur arriv\u00e9e dans nos laboratoires. Si vous avez besoin d'informations pour pr\u00e9parer votre rendez-vous, n'h\u00e9sitez pas \u00e0 nous contacter.","breadcrumb":{"@id":"https:\/\/www.synlab.fr\/synlab-nouvelle-aquitaine\/nous-contacter\/#breadcrumb"},"inLanguage":"fr-FR","potentialAction":[{"@type":"ReadAction","target":["https:\/\/www.synlab.fr\/synlab-nouvelle-aquitaine\/nous-contacter\/"]}]},{"@type":"ImageObject","inLanguage":"fr-FR","@id":"https:\/\/www.synlab.fr\/synlab-nouvelle-aquitaine\/nous-contacter\/#primaryimage","url":"https:\/\/www.synlab.fr\/synlab-nouvelle-aquitaine\/wp-content\/uploads\/sites\/45\/2022\/10\/logo-synlab.png","contentUrl":"https:\/\/www.synlab.fr\/synlab-nouvelle-aquitaine\/wp-content\/uploads\/sites\/45\/2022\/10\/logo-synlab.png","width":1278,"height":717,"caption":"Logo bleu SYNLAB"},{"@type":"BreadcrumbList","@id":"https:\/\/www.synlab.fr\/synlab-nouvelle-aquitaine\/nous-contacter\/#breadcrumb","itemListElement":[{"@type":"ListItem","position":1,"name":"Home","item":"https:\/\/www.synlab.fr\/synlab-nouvelle-aquitaine\/"},{"@type":"ListItem","position":2,"name":"Nous contacter"}]},{"@type":"WebSite","@id":"https:\/\/www.synlab.fr\/synlab-nouvelle-aquitaine\/#website","url":"https:\/\/www.synlab.fr\/synlab-nouvelle-aquitaine\/","name":"Synlab Nouvelle-Aquitaine","description":"Un site utilisant Synlab","potentialAction":[{"@type":"SearchAction","target":{"@type":"EntryPoint","urlTemplate":"https:\/\/www.synlab.fr\/synlab-nouvelle-aquitaine\/?s={search_term_string}"},"query-input":{"@type":"PropertyValueSpecification","valueRequired":true,"valueName":"search_term_string"}}],"inLanguage":"fr-FR"}]}},"_links":{"self":[{"href":"https:\/\/www.synlab.fr\/synlab-nouvelle-aquitaine\/wp-json\/wp\/v2\/pages\/183","targetHints":{"allow":["GET"]}}],"collection":[{"href":"https:\/\/www.synlab.fr\/synlab-nouvelle-aquitaine\/wp-json\/wp\/v2\/pages"}],"about":[{"href":"https:\/\/www.synlab.fr\/synlab-nouvelle-aquitaine\/wp-json\/wp\/v2\/types\/page"}],"author":[{"embeddable":true,"href":"https:\/\/www.synlab.fr\/synlab-nouvelle-aquitaine\/wp-json\/wp\/v2\/users\/1"}],"replies":[{"embeddable":true,"href":"https:\/\/www.synlab.fr\/synlab-nouvelle-aquitaine\/wp-json\/wp\/v2\/comments?post=183"}],"version-history":[{"count":9,"href":"https:\/\/www.synlab.fr\/synlab-nouvelle-aquitaine\/wp-json\/wp\/v2\/pages\/183\/revisions"}],"predecessor-version":[{"id":6173,"href":"https:\/\/www.synlab.fr\/synlab-nouvelle-aquitaine\/wp-json\/wp\/v2\/pages\/183\/revisions\/6173"}],"wp:featuredmedia":[{"embeddable":true,"href":"https:\/\/www.synlab.fr\/synlab-nouvelle-aquitaine\/wp-json\/wp\/v2\/media\/3671"}],"wp:attachment":[{"href":"https:\/\/www.synlab.fr\/synlab-nouvelle-aquitaine\/wp-json\/wp\/v2\/media?parent=183"}],"curies":[{"name":"wp","href":"https:\/\/api.w.org\/{rel}","templated":true}]}}