{"id":2569,"date":"2022-09-08T12:09:58","date_gmt":"2022-09-08T10:09:58","guid":{"rendered":"https:\/\/www.synlab.fr\/synlab-nouvelle-aquitaine\/?page_id=2569"},"modified":"2023-10-09T15:56:43","modified_gmt":"2023-10-09T13:56:43","slug":"espace-professionnel-contact","status":"publish","type":"page","link":"https:\/\/www.synlab.fr\/synlab-nouvelle-aquitaine\/espace-professionnel-contact\/","title":{"rendered":"Espace professionnel &#8211; Contact"},"content":{"rendered":"<div class=\"container block-texte_image\">\n\n\t\n\t\n\t\t\n<\/div>\n\n\n\n\n\t\n\t\n\n\n<div class=\"container block-texte_image\">\n\n\t\t\t<div class=\"block-texte_image-contenu order-1\" style=\"--widthContenu:100%\">\n\t\t\t\t\t\t<article><div class=\"wpforms-container wpforms-container-full\" id=\"wpforms-6161\"><form id=\"wpforms-form-6161\" class=\"wpforms-validate wpforms-form wpforms-ajax-form\" data-formid=\"6161\" method=\"post\" enctype=\"multipart\/form-data\" action=\"\/synlab-nouvelle-aquitaine\/wp-json\/wp\/v2\/pages\/2569?wpforms_form_id=6161\" data-token=\"f5c8c28f482c1241901e0f86ea4ab6e4\" data-token-time=\"1775244637\"><noscript class=\"wpforms-error-noscript\">Veuillez activer JavaScript dans votre navigateur pour remplir ce formulaire.<\/noscript><div class=\"wpforms-field-container\"><div id=\"wpforms-6161-field_1-container\" class=\"wpforms-field wpforms-field-layout\" data-field-id=\"1\"><label class=\"wpforms-field-label wpforms-label-hide\">Layout<\/label><div class=\"wpforms-field-layout-columns wpforms-field-layout-preset-50-50\"><div class=\"wpforms-layout-column wpforms-layout-column-50\" ><div id=\"wpforms-6161-field_9-container\" class=\"wpforms-field wpforms-field-select wpforms-field-select-style-classic\" data-field-id=\"9\"><label class=\"wpforms-field-label\" for=\"wpforms-6161-field_9\">Je suis <span class=\"wpforms-required-label\">*<\/span><\/label><select id=\"wpforms-6161-field_9\" class=\"wpforms-field-medium wpforms-field-required\" name=\"wpforms[fields][9]\" required=\"required\"><option value=\"Client Pro\" >Client Pro<\/option><option value=\"Journaliste\" >Journaliste<\/option><\/select><\/div><div id=\"wpforms-6161-field_3-container\" class=\"wpforms-field wpforms-field-radio wpforms-list-inline\" data-field-id=\"3\"><label class=\"wpforms-field-label\" for=\"wpforms-6161-field_3\">Civilit\u00e9 <span class=\"wpforms-required-label\">*<\/span><\/label><ul id=\"wpforms-6161-field_3\" class=\"wpforms-field-required\"><li class=\"choice-1 depth-1\"><input type=\"radio\" id=\"wpforms-6161-field_3_1\" name=\"wpforms[fields][3]\" value=\"Mme\" required ><label class=\"wpforms-field-label-inline\" for=\"wpforms-6161-field_3_1\">Mme<\/label><\/li><li class=\"choice-2 depth-1\"><input type=\"radio\" id=\"wpforms-6161-field_3_2\" name=\"wpforms[fields][3]\" value=\"M.\" required ><label class=\"wpforms-field-label-inline\" for=\"wpforms-6161-field_3_2\">M.<\/label><\/li><\/ul><\/div><div id=\"wpforms-6161-field_4-container\" class=\"wpforms-field wpforms-field-text\" data-field-id=\"4\"><label class=\"wpforms-field-label\" for=\"wpforms-6161-field_4\">Nom <span class=\"wpforms-required-label\">*<\/span><\/label><input type=\"text\" id=\"wpforms-6161-field_4\" class=\"wpforms-field-medium wpforms-field-required\" name=\"wpforms[fields][4]\" required><\/div><div id=\"wpforms-6161-field_6-container\" class=\"wpforms-field wpforms-field-text\" data-field-id=\"6\"><label class=\"wpforms-field-label\" for=\"wpforms-6161-field_6\">Pr\u00e9nom <span class=\"wpforms-required-label\">*<\/span><\/label><input type=\"text\" id=\"wpforms-6161-field_6\" class=\"wpforms-field-medium wpforms-field-required\" name=\"wpforms[fields][6]\" required><\/div><div id=\"wpforms-6161-field_5-container\" class=\"wpforms-field wpforms-field-text\" data-field-id=\"5\"><label class=\"wpforms-field-label\" for=\"wpforms-6161-field_5\">Entreprise<\/label><input type=\"text\" id=\"wpforms-6161-field_5\" class=\"wpforms-field-medium\" name=\"wpforms[fields][5]\" ><\/div><div id=\"wpforms-6161-field_7-container\" class=\"wpforms-field wpforms-field-phone\" data-field-id=\"7\"><label class=\"wpforms-field-label\" for=\"wpforms-6161-field_7\">T\u00e9l\u00e9phone <span class=\"wpforms-required-label\">*<\/span><\/label><input type=\"tel\" id=\"wpforms-6161-field_7\" class=\"wpforms-field-medium wpforms-field-required wpforms-smart-phone-field\" data-rule-smart-phone-field=\"true\" name=\"wpforms[fields][7]\" required><\/div><div id=\"wpforms-6161-field_8-container\" class=\"wpforms-field wpforms-field-email\" data-field-id=\"8\"><label class=\"wpforms-field-label\" for=\"wpforms-6161-field_8\">Email <span class=\"wpforms-required-label\">*<\/span><\/label><input type=\"email\" id=\"wpforms-6161-field_8\" class=\"wpforms-field-medium wpforms-field-required\" name=\"wpforms[fields][8]\" spellcheck=\"false\" required><\/div><\/div><div class=\"wpforms-layout-column wpforms-layout-column-50\" ><div id=\"wpforms-6161-field_10-container\" class=\"wpforms-field wpforms-field-textarea\" data-field-id=\"10\"><label class=\"wpforms-field-label\" for=\"wpforms-6161-field_10\">Adresse<\/label><textarea id=\"wpforms-6161-field_10\" class=\"wpforms-field-medium\" name=\"wpforms[fields][10]\" ><\/textarea><\/div><div id=\"wpforms-6161-field_11-container\" class=\"wpforms-field wpforms-field-text\" data-field-id=\"11\"><label class=\"wpforms-field-label\" for=\"wpforms-6161-field_11\">Ville<\/label><input type=\"text\" id=\"wpforms-6161-field_11\" class=\"wpforms-field-medium\" name=\"wpforms[fields][11]\" ><\/div><div id=\"wpforms-6161-field_12-container\" class=\"wpforms-field wpforms-field-number\" data-field-id=\"12\"><label class=\"wpforms-field-label\" for=\"wpforms-6161-field_12\">Code Postal<\/label><input type=\"number\" id=\"wpforms-6161-field_12\" class=\"wpforms-field-medium\" name=\"wpforms[fields][12]\" ><\/div><div id=\"wpforms-6161-field_13-container\" class=\"wpforms-field wpforms-field-select wpforms-field-select-style-classic\" data-field-id=\"13\"><label class=\"wpforms-field-label\" for=\"wpforms-6161-field_13\">Pays<\/label><select id=\"wpforms-6161-field_13\" class=\"wpforms-field-medium\" name=\"wpforms[fields][13]\"><option value=\"3 choix\" >3 choix<\/option><option value=\"France\" >France<\/option><option value=\"Suisse\" >Suisse<\/option><\/select><\/div><div id=\"wpforms-6161-field_14-container\" class=\"wpforms-field wpforms-field-file-upload\" data-field-id=\"14\"><label class=\"wpforms-field-label\" for=\"wpforms-6161-field_14\">Pi\u00e8ce jointe<\/label><input type=\"file\" id=\"wpforms-6161-field_14\" data-rule-extension=\"jpg,jpeg,jpe,png,gif,webp,mov,qt,avif,avi,mpeg,mpg,mpe,3gp,3gpp,3g2,3gp2,mid,midi,pdf,doc,docx,docm,pot,pps,ppt,pptx,pptm,odt,ppsx,ppsm,xla,xls,xlt,xlw,xlsx,xlsm,xlsb,key,mp3,m4a,m4b,ogg,oga,flac,wav,x-wav,mp4,m4v,webm,ogv,svg\" data-rule-maxsize=\"1536000\" name=\"wpforms_6161_14\" accept=\".jpg,.jpeg,.jpe,.png,.gif,.webp,.mov,.qt,.avif,.avi,.mpeg,.mpg,.mpe,.3gp,.3gpp,.3g2,.3gp2,.mid,.midi,.pdf,.doc,.docx,.docm,.pot,.pps,.ppt,.pptx,.pptm,.odt,.ppsx,.ppsm,.xla,.xls,.xlt,.xlw,.xlsx,.xlsm,.xlsb,.key,.mp3,.m4a,.m4b,.ogg,.oga,.flac,.wav,.x-wav,.mp4,.m4v,.webm,.ogv,.svg\" ><\/div><\/div><\/div><\/div><div id=\"wpforms-6161-field_15-container\" class=\"wpforms-field wpforms-field-select wpforms-field-select-style-classic\" data-field-id=\"15\"><label class=\"wpforms-field-label\" for=\"wpforms-6161-field_15\">Laboratoire <span class=\"wpforms-required-label\">*<\/span><\/label><select id=\"wpforms-6161-field_15\" class=\"wpforms-field-large wpforms-field-required\" name=\"wpforms[fields][15]\" required=\"required\"><option value=\"4 choix\" >4 choix<\/option><option value=\"Saint Jean de Braye\" >Saint Jean de Braye<\/option><option value=\"Beaugency\" >Beaugency<\/option><option value=\"Bellegarde\" >Bellegarde<\/option><option value=\"Chartres - Casanova\" >Chartres &#8211; Casanova<\/option><option value=\"Chartres - Faubourg\" >Chartres &#8211; Faubourg<\/option><option value=\"Chartres - Intermarch\u00e9\" >Chartres &#8211; Intermarch\u00e9<\/option><option value=\"Chartres - Luisant\" >Chartres &#8211; Luisant<\/option><option value=\"Ch\u00e2teau-neuf-sur-Loire\" >Ch\u00e2teau-neuf-sur-Loire<\/option><option value=\"La Guignardi\u00e8re\" >La Guignardi\u00e8re<\/option><option value=\"Douchy\" >Douchy<\/option><option value=\"Dreux - Churchill\" >Dreux &#8211; Churchill<\/option><option value=\"Dreux - Li\u00e8vre d&#039;Or\" >Dreux &#8211; Li\u00e8vre d&#039;Or<\/option><option value=\"Droits de l&#039;Homme\" >Droits de l&#039;Homme<\/option><option value=\"Fleury\" >Fleury<\/option><option value=\"Gien\" >Gien<\/option><option value=\"Lamotte Beuvron\" >Lamotte Beuvron<\/option><option value=\"La Chapelle Saint-Mesmin\" >La Chapelle Saint-Mesmin<\/option><option value=\"La Fert\u00e9 Saint-Aubin\" >La Fert\u00e9 Saint-Aubin<\/option><option value=\"Amilly\" >Amilly<\/option><option value=\"L&#039;Archette\" >L&#039;Archette<\/option><option value=\"Pithiviers\" >Pithiviers<\/option><option value=\"Saint-Jean de la Ruelle\" >Saint-Jean de la Ruelle<\/option><option value=\"Longues all\u00e9es\" >Longues all\u00e9es<\/option><option value=\"Ch\u00e2lette-sur-Loing\" >Ch\u00e2lette-sur-Loing<\/option><option value=\"Meung-sur-Loire\" >Meung-sur-Loire<\/option><option value=\"Vall\u00e9e de l&#039;Ouanne\" >Vall\u00e9e de l&#039;Ouanne<\/option><option value=\"Place du Vieux Pr\u00e9\" >Place du Vieux Pr\u00e9<\/option><option value=\"Plateau technique Bioalliance du Coudray\" >Plateau technique Bioalliance du Coudray<\/option><\/select><\/div><div id=\"wpforms-6161-field_16-container\" class=\"wpforms-field wpforms-field-textarea\" data-field-id=\"16\"><label class=\"wpforms-field-label\" for=\"wpforms-6161-field_16\">Message <span class=\"wpforms-required-label\">*<\/span><\/label><textarea id=\"wpforms-6161-field_16\" class=\"wpforms-field-medium wpforms-field-required\" name=\"wpforms[fields][16]\" required><\/textarea><\/div><div id=\"wpforms-6161-field_19-container\" class=\"wpforms-field wpforms-field-checkbox\" data-field-id=\"19\"><label class=\"wpforms-field-label wpforms-label-hide\" for=\"wpforms-6161-field_19\">Termes et conditions <span class=\"wpforms-required-label\">*<\/span><\/label><ul id=\"wpforms-6161-field_19\" class=\"wpforms-field-required\"><li class=\"choice-1 depth-1\"><input type=\"checkbox\" id=\"wpforms-6161-field_19_1\" name=\"wpforms[fields][19][]\" value=\"J&#039;accepte les termes et conditions de SYNLAB. &lt;a href=&quot;https:\/\/www.synlab.fr\/synlab-nouvelle-aquitaine\/nous-contacter\/&quot;&gt;(en savoir plus)&lt;\/a&gt; *\" required ><label class=\"wpforms-field-label-inline\" for=\"wpforms-6161-field_19_1\">J&rsquo;accepte les termes et conditions de SYNLAB. <a href=\"https:\/\/www.synlab.fr\/synlab-nouvelle-aquitaine\/nous-contacter\/\">(en savoir plus)<\/a> *<\/label><\/li><\/ul><\/div><\/div><!-- .wpforms-field-container --><div class=\"wpforms-recaptcha-container wpforms-is-recaptcha wpforms-is-recaptcha-type-v3\" ><input type=\"hidden\" name=\"wpforms[recaptcha]\" value=\"\"><\/div><div class=\"wpforms-submit-container\" ><input type=\"hidden\" name=\"wpforms[id]\" value=\"6161\"><input type=\"hidden\" name=\"page_title\" value=\"\"><input type=\"hidden\" name=\"page_url\" value=\"https:\/\/www.synlab.fr\/synlab-nouvelle-aquitaine\/wp-json\/wp\/v2\/pages\/2569\"><button type=\"submit\" name=\"wpforms[submit]\" id=\"wpforms-submit-6161\" class=\"wpforms-submit\" data-alt-text=\"Envoi...\" data-submit-text=\"Envoyer\" aria-live=\"assertive\" value=\"wpforms-submit\">Envoyer<\/button><img loading=\"lazy\" decoding=\"async\" src=\"https:\/\/www.synlab.fr\/synlab-nouvelle-aquitaine\/wp-content\/plugins\/wpforms\/assets\/images\/submit-spin.svg\" class=\"wpforms-submit-spinner\" style=\"display: none;\" width=\"26\" height=\"26\" alt=\"Chargement en cours\"><\/div><\/form><\/div>  <!-- .wpforms-container -->\n<\/article>\t\t\t\t\t\t\n\t\t\t\t\t<\/div>\n\t\n\t\n\t\t\n<\/div>\n\n\n\n\n\t\n\t\n","protected":false},"excerpt":{"rendered":"","protected":false},"author":13,"featured_media":3671,"parent":0,"menu_order":0,"comment_status":"closed","ping_status":"closed","template":"","meta":{"_acf_changed":false,"footnotes":""},"class_list":["post-2569","page","type-page","status-publish","has-post-thumbnail","hentry"],"acf":[],"yoast_head":"<!-- This site is optimized with the Yoast SEO plugin v26.3 - https:\/\/yoast.com\/wordpress\/plugins\/seo\/ -->\n<title>SYNLAB Nouvelle-Aquitaine -<\/title>\n<meta name=\"description\" content=\"Vous \u00eates un professionnel, et vous souhaitez r\u00e9aliser un partenariat ou nous proposez une offre commerciale ? N&#039;h\u00e9sitez pas \u00e0 nous contacter en remplissant ce formulaire de contact. Nous vous recontacterons dans les meilleurs d\u00e9lais.\" \/>\n<meta name=\"robots\" content=\"noindex, follow, max-snippet:-1, max-image-preview:large, max-video-preview:-1\" \/>\n<meta property=\"og:locale\" content=\"fr_FR\" \/>\n<meta property=\"og:type\" content=\"article\" \/>\n<meta property=\"og:title\" content=\"SYNLAB Nouvelle-Aquitaine -\" \/>\n<meta property=\"og:description\" content=\"Vous \u00eates un professionnel, et vous souhaitez r\u00e9aliser un partenariat ou nous proposez une offre commerciale ? N&#039;h\u00e9sitez pas \u00e0 nous contacter en remplissant ce formulaire de contact. Nous vous recontacterons dans les meilleurs d\u00e9lais.\" \/>\n<meta property=\"og:url\" content=\"https:\/\/www.synlab.fr\/synlab-nouvelle-aquitaine\/espace-professionnel-contact\/\" \/>\n<meta property=\"og:site_name\" content=\"Synlab Nouvelle-Aquitaine\" \/>\n<meta property=\"article:modified_time\" content=\"2023-10-09T13:56:43+00:00\" \/>\n<meta property=\"og:image\" content=\"https:\/\/www.synlab.fr\/synlab-nouvelle-aquitaine\/wp-content\/uploads\/sites\/45\/2022\/10\/logo-synlab.png\" \/>\n\t<meta property=\"og:image:width\" content=\"1278\" \/>\n\t<meta property=\"og:image:height\" content=\"717\" \/>\n\t<meta property=\"og:image:type\" content=\"image\/png\" \/>\n<meta name=\"twitter:card\" content=\"summary_large_image\" \/>\n<script type=\"application\/ld+json\" class=\"yoast-schema-graph\">{\"@context\":\"https:\/\/schema.org\",\"@graph\":[{\"@type\":\"WebPage\",\"@id\":\"https:\/\/www.synlab.fr\/synlab-nouvelle-aquitaine\/espace-professionnel-contact\/\",\"url\":\"https:\/\/www.synlab.fr\/synlab-nouvelle-aquitaine\/espace-professionnel-contact\/\",\"name\":\"SYNLAB Nouvelle-Aquitaine -\",\"isPartOf\":{\"@id\":\"https:\/\/www.synlab.fr\/synlab-nouvelle-aquitaine\/#website\"},\"primaryImageOfPage\":{\"@id\":\"https:\/\/www.synlab.fr\/synlab-nouvelle-aquitaine\/espace-professionnel-contact\/#primaryimage\"},\"image\":{\"@id\":\"https:\/\/www.synlab.fr\/synlab-nouvelle-aquitaine\/espace-professionnel-contact\/#primaryimage\"},\"thumbnailUrl\":\"https:\/\/www.synlab.fr\/synlab-nouvelle-aquitaine\/wp-content\/uploads\/sites\/45\/2022\/10\/logo-synlab.png\",\"datePublished\":\"2022-09-08T10:09:58+00:00\",\"dateModified\":\"2023-10-09T13:56:43+00:00\",\"description\":\"Vous \u00eates un professionnel, et vous souhaitez r\u00e9aliser un partenariat ou nous proposez une offre commerciale ? N'h\u00e9sitez pas \u00e0 nous contacter en remplissant ce formulaire de contact. Nous vous recontacterons dans les meilleurs d\u00e9lais.\",\"breadcrumb\":{\"@id\":\"https:\/\/www.synlab.fr\/synlab-nouvelle-aquitaine\/espace-professionnel-contact\/#breadcrumb\"},\"inLanguage\":\"fr-FR\",\"potentialAction\":[{\"@type\":\"ReadAction\",\"target\":[\"https:\/\/www.synlab.fr\/synlab-nouvelle-aquitaine\/espace-professionnel-contact\/\"]}]},{\"@type\":\"ImageObject\",\"inLanguage\":\"fr-FR\",\"@id\":\"https:\/\/www.synlab.fr\/synlab-nouvelle-aquitaine\/espace-professionnel-contact\/#primaryimage\",\"url\":\"https:\/\/www.synlab.fr\/synlab-nouvelle-aquitaine\/wp-content\/uploads\/sites\/45\/2022\/10\/logo-synlab.png\",\"contentUrl\":\"https:\/\/www.synlab.fr\/synlab-nouvelle-aquitaine\/wp-content\/uploads\/sites\/45\/2022\/10\/logo-synlab.png\",\"width\":1278,\"height\":717,\"caption\":\"Logo bleu SYNLAB\"},{\"@type\":\"BreadcrumbList\",\"@id\":\"https:\/\/www.synlab.fr\/synlab-nouvelle-aquitaine\/espace-professionnel-contact\/#breadcrumb\",\"itemListElement\":[{\"@type\":\"ListItem\",\"position\":1,\"name\":\"Home\",\"item\":\"https:\/\/www.synlab.fr\/synlab-nouvelle-aquitaine\/\"},{\"@type\":\"ListItem\",\"position\":2,\"name\":\"Espace professionnel &#8211; Contact\"}]},{\"@type\":\"WebSite\",\"@id\":\"https:\/\/www.synlab.fr\/synlab-nouvelle-aquitaine\/#website\",\"url\":\"https:\/\/www.synlab.fr\/synlab-nouvelle-aquitaine\/\",\"name\":\"Synlab Nouvelle-Aquitaine\",\"description\":\"Un site utilisant Synlab\",\"potentialAction\":[{\"@type\":\"SearchAction\",\"target\":{\"@type\":\"EntryPoint\",\"urlTemplate\":\"https:\/\/www.synlab.fr\/synlab-nouvelle-aquitaine\/?s={search_term_string}\"},\"query-input\":{\"@type\":\"PropertyValueSpecification\",\"valueRequired\":true,\"valueName\":\"search_term_string\"}}],\"inLanguage\":\"fr-FR\"}]}<\/script>\n<!-- \/ Yoast SEO plugin. -->","yoast_head_json":{"title":"SYNLAB Nouvelle-Aquitaine -","description":"Vous \u00eates un professionnel, et vous souhaitez r\u00e9aliser un partenariat ou nous proposez une offre commerciale ? N'h\u00e9sitez pas \u00e0 nous contacter en remplissant ce formulaire de contact. Nous vous recontacterons dans les meilleurs d\u00e9lais.","robots":{"index":"noindex","follow":"follow","max-snippet":"max-snippet:-1","max-image-preview":"max-image-preview:large","max-video-preview":"max-video-preview:-1"},"og_locale":"fr_FR","og_type":"article","og_title":"SYNLAB Nouvelle-Aquitaine -","og_description":"Vous \u00eates un professionnel, et vous souhaitez r\u00e9aliser un partenariat ou nous proposez une offre commerciale ? N'h\u00e9sitez pas \u00e0 nous contacter en remplissant ce formulaire de contact. Nous vous recontacterons dans les meilleurs d\u00e9lais.","og_url":"https:\/\/www.synlab.fr\/synlab-nouvelle-aquitaine\/espace-professionnel-contact\/","og_site_name":"Synlab Nouvelle-Aquitaine","article_modified_time":"2023-10-09T13:56:43+00:00","og_image":[{"width":1278,"height":717,"url":"https:\/\/www.synlab.fr\/synlab-nouvelle-aquitaine\/wp-content\/uploads\/sites\/45\/2022\/10\/logo-synlab.png","type":"image\/png"}],"twitter_card":"summary_large_image","schema":{"@context":"https:\/\/schema.org","@graph":[{"@type":"WebPage","@id":"https:\/\/www.synlab.fr\/synlab-nouvelle-aquitaine\/espace-professionnel-contact\/","url":"https:\/\/www.synlab.fr\/synlab-nouvelle-aquitaine\/espace-professionnel-contact\/","name":"SYNLAB Nouvelle-Aquitaine -","isPartOf":{"@id":"https:\/\/www.synlab.fr\/synlab-nouvelle-aquitaine\/#website"},"primaryImageOfPage":{"@id":"https:\/\/www.synlab.fr\/synlab-nouvelle-aquitaine\/espace-professionnel-contact\/#primaryimage"},"image":{"@id":"https:\/\/www.synlab.fr\/synlab-nouvelle-aquitaine\/espace-professionnel-contact\/#primaryimage"},"thumbnailUrl":"https:\/\/www.synlab.fr\/synlab-nouvelle-aquitaine\/wp-content\/uploads\/sites\/45\/2022\/10\/logo-synlab.png","datePublished":"2022-09-08T10:09:58+00:00","dateModified":"2023-10-09T13:56:43+00:00","description":"Vous \u00eates un professionnel, et vous souhaitez r\u00e9aliser un partenariat ou nous proposez une offre commerciale ? N'h\u00e9sitez pas \u00e0 nous contacter en remplissant ce formulaire de contact. Nous vous recontacterons dans les meilleurs d\u00e9lais.","breadcrumb":{"@id":"https:\/\/www.synlab.fr\/synlab-nouvelle-aquitaine\/espace-professionnel-contact\/#breadcrumb"},"inLanguage":"fr-FR","potentialAction":[{"@type":"ReadAction","target":["https:\/\/www.synlab.fr\/synlab-nouvelle-aquitaine\/espace-professionnel-contact\/"]}]},{"@type":"ImageObject","inLanguage":"fr-FR","@id":"https:\/\/www.synlab.fr\/synlab-nouvelle-aquitaine\/espace-professionnel-contact\/#primaryimage","url":"https:\/\/www.synlab.fr\/synlab-nouvelle-aquitaine\/wp-content\/uploads\/sites\/45\/2022\/10\/logo-synlab.png","contentUrl":"https:\/\/www.synlab.fr\/synlab-nouvelle-aquitaine\/wp-content\/uploads\/sites\/45\/2022\/10\/logo-synlab.png","width":1278,"height":717,"caption":"Logo bleu SYNLAB"},{"@type":"BreadcrumbList","@id":"https:\/\/www.synlab.fr\/synlab-nouvelle-aquitaine\/espace-professionnel-contact\/#breadcrumb","itemListElement":[{"@type":"ListItem","position":1,"name":"Home","item":"https:\/\/www.synlab.fr\/synlab-nouvelle-aquitaine\/"},{"@type":"ListItem","position":2,"name":"Espace professionnel &#8211; Contact"}]},{"@type":"WebSite","@id":"https:\/\/www.synlab.fr\/synlab-nouvelle-aquitaine\/#website","url":"https:\/\/www.synlab.fr\/synlab-nouvelle-aquitaine\/","name":"Synlab Nouvelle-Aquitaine","description":"Un site utilisant Synlab","potentialAction":[{"@type":"SearchAction","target":{"@type":"EntryPoint","urlTemplate":"https:\/\/www.synlab.fr\/synlab-nouvelle-aquitaine\/?s={search_term_string}"},"query-input":{"@type":"PropertyValueSpecification","valueRequired":true,"valueName":"search_term_string"}}],"inLanguage":"fr-FR"}]}},"_links":{"self":[{"href":"https:\/\/www.synlab.fr\/synlab-nouvelle-aquitaine\/wp-json\/wp\/v2\/pages\/2569","targetHints":{"allow":["GET"]}}],"collection":[{"href":"https:\/\/www.synlab.fr\/synlab-nouvelle-aquitaine\/wp-json\/wp\/v2\/pages"}],"about":[{"href":"https:\/\/www.synlab.fr\/synlab-nouvelle-aquitaine\/wp-json\/wp\/v2\/types\/page"}],"author":[{"embeddable":true,"href":"https:\/\/www.synlab.fr\/synlab-nouvelle-aquitaine\/wp-json\/wp\/v2\/users\/13"}],"replies":[{"embeddable":true,"href":"https:\/\/www.synlab.fr\/synlab-nouvelle-aquitaine\/wp-json\/wp\/v2\/comments?post=2569"}],"version-history":[{"count":5,"href":"https:\/\/www.synlab.fr\/synlab-nouvelle-aquitaine\/wp-json\/wp\/v2\/pages\/2569\/revisions"}],"predecessor-version":[{"id":6175,"href":"https:\/\/www.synlab.fr\/synlab-nouvelle-aquitaine\/wp-json\/wp\/v2\/pages\/2569\/revisions\/6175"}],"wp:featuredmedia":[{"embeddable":true,"href":"https:\/\/www.synlab.fr\/synlab-nouvelle-aquitaine\/wp-json\/wp\/v2\/media\/3671"}],"wp:attachment":[{"href":"https:\/\/www.synlab.fr\/synlab-nouvelle-aquitaine\/wp-json\/wp\/v2\/media?parent=2569"}],"curies":[{"name":"wp","href":"https:\/\/api.w.org\/{rel}","templated":true}]}}